Last updated on 2024-05-21 02:02:24 CEST.
Flavor | Version | Tinstall | Tcheck | Ttotal | Status | Flags |
---|---|---|---|---|---|---|
r-devel-linux-x86_64-debian-clang | 0.1.2 | 27.33 | 73.02 | 100.35 | NOTE | |
r-devel-linux-x86_64-debian-gcc | 0.1.2 | 18.83 | 55.70 | 74.53 | NOTE | |
r-devel-linux-x86_64-fedora-clang | 0.1.2 | 137.48 | NOTE | |||
r-devel-linux-x86_64-fedora-gcc | 0.1.2 | 138.78 | NOTE | |||
r-devel-windows-x86_64 | 0.1.2 | 22.00 | 87.00 | 109.00 | NOTE | |
r-patched-linux-x86_64 | 0.1.2 | 14.88 | 71.21 | 86.09 | NOTE | |
r-release-linux-x86_64 | 0.1.2 | 15.88 | 71.62 | 87.50 | NOTE | |
r-release-macos-arm64 | 0.1.2 | 41.00 | NOTE | |||
r-release-macos-x86_64 | 0.1.2 | 73.00 | NOTE | |||
r-release-windows-x86_64 | 0.1.2 | 23.00 | 88.00 | 111.00 | NOTE | |
r-oldrel-macos-arm64 | 0.1.2 | 44.00 | NOTE | |||
r-oldrel-macos-x86_64 | 0.1.2 | 67.00 | NOTE | |||
r-oldrel-windows-x86_64 | 0.1.2 | 26.00 | 105.00 | 131.00 | NOTE |
Version: 0.1.2
Check: package subdirectories
Result: NOTE
Problems with news in ‘NEWS.md’:
Cannot extract version info from the following section titles:
Initial Release (v0.1.0)
Flavors: r-devel-linux-x86_64-debian-clang, r-devel-linux-x86_64-debian-gcc, r-devel-linux-x86_64-fedora-clang, r-devel-linux-x86_64-fedora-gcc, r-devel-windows-x86_64, r-patched-linux-x86_64, r-release-linux-x86_64, r-release-macos-arm64, r-release-macos-x86_64, r-release-windows-x86_64, r-oldrel-macos-arm64, r-oldrel-macos-x86_64, r-oldrel-windows-x86_64
Version: 0.1.2
Check: LazyData
Result: NOTE
'LazyData' is specified without a 'data' directory
Flavors: r-devel-linux-x86_64-debian-clang, r-devel-linux-x86_64-debian-gcc, r-devel-linux-x86_64-fedora-clang, r-devel-linux-x86_64-fedora-gcc, r-devel-windows-x86_64, r-patched-linux-x86_64, r-release-linux-x86_64, r-release-macos-arm64, r-release-macos-x86_64, r-release-windows-x86_64, r-oldrel-macos-arm64, r-oldrel-macos-x86_64, r-oldrel-windows-x86_64