Last updated on 2025-10-31 01:49:17 CET.
| Flavor | Version | Tinstall | Tcheck | Ttotal | Status | Flags | 
|---|---|---|---|---|---|---|
| r-devel-linux-x86_64-debian-clang | 0.5.9 | 6.59 | 106.78 | 113.37 | NOTE | |
| r-devel-linux-x86_64-debian-gcc | 0.5.9 | 5.91 | 71.95 | 77.86 | NOTE | |
| r-devel-linux-x86_64-fedora-clang | 0.5.9 | 15.00 | 155.52 | 170.52 | NOTE | |
| r-devel-linux-x86_64-fedora-gcc | 0.5.9 | 16.00 | 139.34 | 155.34 | NOTE | |
| r-devel-windows-x86_64 | 0.5.9 | 11.00 | 145.00 | 156.00 | NOTE | |
| r-patched-linux-x86_64 | 0.5.9 | 8.22 | 98.55 | 106.77 | NOTE | |
| r-release-linux-x86_64 | 0.5.9 | 6.43 | 96.74 | 103.17 | NOTE | |
| r-release-macos-arm64 | 0.5.9 | 3.00 | 64.00 | 67.00 | NOTE | |
| r-release-macos-x86_64 | 0.5.9 | 6.00 | 98.00 | 104.00 | NOTE | |
| r-release-windows-x86_64 | 0.5.9 | 10.00 | 148.00 | 158.00 | NOTE | |
| r-oldrel-macos-arm64 | 0.5.9 | 3.00 | 62.00 | 65.00 | OK | |
| r-oldrel-macos-x86_64 | 0.5.9 | 10.00 | 132.00 | 142.00 | OK | |
| r-oldrel-windows-x86_64 | 0.5.9 | 13.00 | 176.00 | 189.00 | OK | 
Version: 0.5.9
Check: DESCRIPTION meta-information
Result: NOTE
    Missing dependency on R >= 4.1.0 because package code uses the pipe
    |> or function shorthand \(...) syntax added in R 4.1.0.
    File(s) using such syntax:
      ‘tw_search.R’
Flavors: r-devel-linux-x86_64-debian-clang, r-devel-linux-x86_64-debian-gcc, r-devel-linux-x86_64-fedora-clang, r-devel-linux-x86_64-fedora-gcc, r-devel-windows-x86_64, r-patched-linux-x86_64, r-release-linux-x86_64, r-release-macos-arm64, r-release-macos-x86_64, r-release-windows-x86_64