CRAN Package Check Results for Package tipmap

Last updated on 2025-02-06 01:49:26 CET.

Flavor Version Tinstall Tcheck Ttotal Status Flags
r-devel-linux-x86_64-debian-clang 0.5.2 4.30 101.58 105.88 OK
r-devel-linux-x86_64-debian-gcc 0.5.2 2.87 73.24 76.11 OK
r-devel-linux-x86_64-fedora-clang 0.5.2 180.30 OK
r-devel-linux-x86_64-fedora-gcc 0.5.2 167.17 OK
r-devel-windows-x86_64 0.5.2 6.00 120.00 126.00 OK
r-patched-linux-x86_64 0.5.2 3.90 99.11 103.01 OK
r-release-linux-x86_64 0.5.2 4.00 99.92 103.92 OK
r-release-macos-arm64 0.5.2 45.00 OK
r-release-macos-x86_64 0.5.2 97.00 OK
r-release-windows-x86_64 0.5.2 6.00 0.00 6.00 FAIL
r-oldrel-macos-arm64 0.5.2 46.00 OK
r-oldrel-macos-x86_64 0.5.2 109.00 OK
r-oldrel-windows-x86_64 0.5.2 7.00 134.00 141.00 OK

Check Details

Version: 0.5.2
Check: PDF version of manual
Result: FAIL Check process probably crashed or hung up for 20 minutes ... killed Most likely this happened in the example checks (?), if not, ignore the following last lines of example output: All aesthetics have length 1, but the data has 201 rows. ℹ Please consider using `annotate()` or provide this layer with data containing a single row. Warning in ggplot2::geom_point(data = tipmap_data, ggplot2::aes(x = tippingPoint.1, : All aesthetics have length 1, but the data has 201 rows. ℹ Please consider using `annotate()` or provide this layer with data containing a single row. Warning in ggplot2::geom_point(data = tipmap_data, ggplot2::aes(x = tippingPoint.2, : All aesthetics have length 1, but the data has 201 rows. ℹ Please consider using `annotate()` or provide this layer with data containing a single row. > > > > > ### * <FOOTER> > ### > cleanEx() > options(digits = 7L) > base::cat("Time elapsed: ", proc.time() - base::get("ptime", pos = 'CheckExEnv'),"\n") Time elapsed: 15.84 0.71 16.56 NA NA > grDevices::dev.off() null device 1 > ### > ### Local variables: *** > ### mode: outline-minor *** > ### outline-regexp: "\\(> \\)?### [*]+" *** > ### End: *** > quit('no') ======== End of example output (where/before crash/hang up occured ?) ======== Flavor: r-release-windows-x86_64