CRAN Package Check Results for Package tmod

Last updated on 2025-04-30 02:50:54 CEST.

Flavor Version Tinstall Tcheck Ttotal Status Flags
r-devel-linux-x86_64-debian-clang 0.50.13 10.07 140.87 150.94 NOTE
r-devel-linux-x86_64-debian-gcc 0.50.13 7.59 98.90 106.49 NOTE
r-devel-linux-x86_64-fedora-clang 0.50.13 218.51 NOTE
r-devel-linux-x86_64-fedora-gcc 0.50.13 223.09 NOTE
r-devel-windows-x86_64 0.50.13 13.00 154.00 167.00 NOTE
r-patched-linux-x86_64 0.50.13 10.05 132.04 142.09 NOTE
r-release-linux-x86_64 0.50.13 10.49 132.42 142.91 NOTE
r-release-macos-arm64 0.50.13 73.00 NOTE
r-release-macos-x86_64 0.50.13 146.00 NOTE
r-release-windows-x86_64 0.50.13 13.00 148.00 161.00 NOTE
r-oldrel-macos-arm64 0.50.13 73.00 NOTE
r-oldrel-macos-x86_64 0.50.13 108.00 NOTE
r-oldrel-windows-x86_64 0.50.13 17.00 188.00 205.00 NOTE

Check Details

Version: 0.50.13
Check: Rd files
Result: NOTE checkRd: (-1) pvalEffectPlot.Rd:90: Lost braces in \itemize; meant \describe ? checkRd: (-1) pvalEffectPlot.Rd:91: Lost braces in \itemize; meant \describe ? checkRd: (-1) pvalEffectPlot.Rd:92: Lost braces in \itemize; meant \describe ? checkRd: (-1) pvalEffectPlot.Rd:93: Lost braces in \itemize; meant \describe ? checkRd: (-1) pvalEffectPlot.Rd:94: Lost braces in \itemize; meant \describe ? Flavors: r-devel-linux-x86_64-debian-clang, r-devel-linux-x86_64-debian-gcc, r-devel-linux-x86_64-fedora-clang, r-devel-linux-x86_64-fedora-gcc, r-devel-windows-x86_64, r-patched-linux-x86_64, r-release-linux-x86_64, r-release-macos-arm64, r-release-macos-x86_64, r-release-windows-x86_64, r-oldrel-macos-arm64, r-oldrel-macos-x86_64, r-oldrel-windows-x86_64