Last updated on 2025-11-21 02:50:37 CET.
| Flavor | Version | Tinstall | Tcheck | Ttotal | Status | Flags |
|---|---|---|---|---|---|---|
| r-devel-linux-x86_64-debian-clang | 1.1.1 | 2.08 | 25.02 | 27.10 | OK | |
| r-devel-linux-x86_64-debian-gcc | 1.1.1 | 1.64 | 19.59 | 21.23 | OK | |
| r-devel-linux-x86_64-fedora-clang | 1.1.1 | 40.88 | OK | |||
| r-devel-linux-x86_64-fedora-gcc | 1.1.1 | 37.57 | OK | |||
| r-devel-windows-x86_64 | 1.1.1 | 7.00 | 42.00 | 49.00 | OK | |
| r-patched-linux-x86_64 | 1.1.1 | 2.50 | 23.54 | 26.04 | OK | |
| r-release-linux-x86_64 | 1.1.1 | 2.13 | 23.11 | 25.24 | OK | |
| r-release-macos-arm64 | 1.1.1 | OK | ||||
| r-release-macos-x86_64 | 1.1.1 | 2.00 | 24.00 | 26.00 | OK | |
| r-release-windows-x86_64 | 1.1.1 | 5.00 | 44.00 | 49.00 | OK | |
| r-oldrel-macos-arm64 | 1.1.1 | NOTE | ||||
| r-oldrel-macos-x86_64 | 1.1.1 | 2.00 | 21.00 | 23.00 | NOTE | |
| r-oldrel-windows-x86_64 | 1.1.1 | 3.00 | 49.00 | 52.00 | NOTE |
Version: 1.1.1
Check: LazyData
Result: NOTE
'LazyData' is specified without a 'data' directory
Flavors: r-oldrel-macos-arm64, r-oldrel-macos-x86_64, r-oldrel-windows-x86_64