Last updated on 2025-11-13 02:52:36 CET.
| Flavor | Version | Tinstall | Tcheck | Ttotal | Status | Flags |
|---|---|---|---|---|---|---|
| r-devel-linux-x86_64-debian-clang | 0.0.1 | 7.68 | 60.44 | 68.12 | NOTE | |
| r-devel-linux-x86_64-debian-gcc | 0.0.1 | 4.76 | 44.15 | 48.91 | NOTE | |
| r-devel-linux-x86_64-fedora-clang | 0.0.1 | 16.00 | 87.30 | 103.30 | NOTE | |
| r-devel-linux-x86_64-fedora-gcc | 0.0.1 | 15.00 | 86.96 | 101.96 | NOTE | |
| r-devel-windows-x86_64 | 0.0.1 | 10.00 | 71.00 | 81.00 | NOTE | |
| r-patched-linux-x86_64 | 0.0.1 | 6.20 | 57.38 | 63.58 | NOTE | |
| r-release-linux-x86_64 | 0.0.1 | 7.02 | 57.77 | 64.79 | NOTE | |
| r-release-macos-arm64 | 0.0.1 | 3.00 | 25.00 | 28.00 | NOTE | |
| r-release-macos-x86_64 | 0.0.1 | 5.00 | 42.00 | 47.00 | NOTE | |
| r-release-windows-x86_64 | 0.0.1 | 10.00 | 71.00 | 81.00 | NOTE | |
| r-oldrel-macos-arm64 | 0.0.1 | 3.00 | 25.00 | 28.00 | NOTE | |
| r-oldrel-macos-x86_64 | 0.0.1 | 4.00 | 37.00 | 41.00 | NOTE | |
| r-oldrel-windows-x86_64 | 0.0.1 | 12.00 | 86.00 | 98.00 | NOTE |
Version: 0.0.1
Check: Rd files
Result: NOTE
checkRd: (-1) fixed_width_no_modeling.Rd:26: Lost braces in \itemize; \value handles \item{}{} directly
checkRd: (-1) fixed_width_no_modeling.Rd:27: Lost braces in \itemize; \value handles \item{}{} directly
checkRd: (-1) fixed_width_no_modeling.Rd:28: Lost braces in \itemize; \value handles \item{}{} directly
Flavors: r-devel-linux-x86_64-debian-clang, r-devel-linux-x86_64-debian-gcc, r-devel-linux-x86_64-fedora-clang, r-devel-linux-x86_64-fedora-gcc, r-devel-windows-x86_64, r-patched-linux-x86_64, r-release-linux-x86_64, r-release-macos-arm64, r-release-macos-x86_64, r-release-windows-x86_64, r-oldrel-macos-arm64, r-oldrel-macos-x86_64, r-oldrel-windows-x86_64