Last updated on 2025-11-27 01:48:50 CET.
| Flavor | Version | Tinstall | Tcheck | Ttotal | Status | Flags |
|---|---|---|---|---|---|---|
| r-devel-linux-x86_64-debian-clang | 1.2 | 0.38 | 2.33 | 2.71 | ERROR | |
| r-devel-linux-x86_64-debian-gcc | 1.2 | 0.31 | 1.80 | 2.11 | ERROR | |
| r-devel-linux-x86_64-fedora-clang | 1.2 | 39.00 | 179.42 | 218.42 | NOTE | |
| r-devel-linux-x86_64-fedora-gcc | 1.2 | 62.00 | 156.73 | 218.73 | NOTE | |
| r-devel-windows-x86_64 | 1.2 | 19.00 | 111.00 | 130.00 | OK | |
| r-patched-linux-x86_64 | 1.2 | 0.36 | 1.79 | 2.15 | ERROR | |
| r-release-linux-x86_64 | 1.2 | 15.38 | 115.19 | 130.57 | OK | |
| r-release-macos-arm64 | 1.2 | OK | ||||
| r-release-macos-x86_64 | 1.2 | 12.00 | 82.00 | 94.00 | OK | |
| r-release-windows-x86_64 | 1.2 | 17.00 | 121.00 | 138.00 | OK | |
| r-oldrel-macos-arm64 | 1.2 | OK | ||||
| r-oldrel-macos-x86_64 | 1.2 | 10.00 | 66.00 | 76.00 | OK | |
| r-oldrel-windows-x86_64 | 1.2 | 24.00 | 145.00 | 169.00 | OK |
Version: 1.2
Check: package dependencies
Result: ERROR
Package required but not available: ‘mapdeck’
See section ‘The DESCRIPTION file’ in the ‘Writing R Extensions’
manual.
Flavors: r-devel-linux-x86_64-debian-clang, r-devel-linux-x86_64-debian-gcc, r-patched-linux-x86_64
Version: 1.2
Check: dependencies in R code
Result: NOTE
Namespaces in Imports field not imported from:
‘V8’ ‘colorspace’
All declared Imports should be used.
Flavors: r-devel-linux-x86_64-fedora-clang, r-devel-linux-x86_64-fedora-gcc