CRAN Package Check Results for Package tradepolicy

Last updated on 2025-11-16 01:49:33 CET.

Flavor Version Tinstall Tcheck Ttotal Status Flags
r-devel-linux-x86_64-debian-clang 0.7.0 12.64 105.38 118.02 OK
r-devel-linux-x86_64-debian-gcc 0.7.0 9.85 75.17 85.02 NOTE
r-devel-linux-x86_64-fedora-clang 0.7.0 28.00 149.75 177.75 OK
r-devel-linux-x86_64-fedora-gcc 0.7.0 26.00 142.27 168.27 OK
r-devel-windows-x86_64 0.7.0 22.00 100.00 122.00 OK
r-patched-linux-x86_64 0.7.0 11.92 98.01 109.93 OK
r-release-linux-x86_64 0.7.0 11.99 97.42 109.41 OK
r-release-macos-arm64 0.7.0 6.00 41.00 47.00 OK
r-release-macos-x86_64 0.7.0 12.00 78.00 90.00 OK
r-release-windows-x86_64 0.7.0 15.00 99.00 114.00 OK
r-oldrel-macos-arm64 0.7.0 6.00 40.00 46.00 OK
r-oldrel-macos-x86_64 0.7.0 8.00 56.00 64.00 OK
r-oldrel-windows-x86_64 0.7.0 19.00 129.00 148.00 OK

Check Details

Version: 0.7.0
Check: CRAN incoming feasibility
Result: NOTE Maintainer: ‘Mauricio Vargas Sepulveda <m.sepulveda@mail.utoronto.ca>’ The BugReports field in DESCRIPTION has https://github.com/pachadotdev/tradepolicy/issues/ which should likely be https://github.com/pachadotdev/tradepolicy/issues/issues instead. Flavor: r-devel-linux-x86_64-debian-gcc