Last updated on 2024-05-21 02:02:25 CEST.
Flavor | Version | Tinstall | Tcheck | Ttotal | Status | Flags |
---|---|---|---|---|---|---|
r-devel-linux-x86_64-debian-clang | 0.1.0 | 14.09 | 283.69 | 297.78 | NOTE | |
r-devel-linux-x86_64-debian-gcc | 0.1.0 | 9.83 | 206.41 | 216.24 | NOTE | |
r-devel-linux-x86_64-fedora-clang | 0.1.0 | 364.61 | NOTE | |||
r-devel-linux-x86_64-fedora-gcc | 0.1.0 | 349.31 | NOTE | |||
r-devel-windows-x86_64 | 0.1.0 | 12.00 | 222.00 | 234.00 | NOTE | |
r-patched-linux-x86_64 | 0.1.0 | 8.20 | 268.24 | 276.44 | NOTE | |
r-release-linux-x86_64 | 0.1.0 | 7.64 | 271.91 | 279.55 | NOTE | |
r-release-macos-arm64 | 0.1.0 | 110.00 | NOTE | |||
r-release-windows-x86_64 | 0.1.0 | 11.00 | 220.00 | 231.00 | NOTE | |
r-oldrel-macos-arm64 | 0.1.0 | 102.00 | OK | |||
r-oldrel-macos-x86_64 | 0.1.0 | 274.00 | OK | |||
r-oldrel-windows-x86_64 | 0.1.0 | 13.00 | 273.00 | 286.00 | OK |
Version: 0.1.0
Check: Rd files
Result: NOTE
checkRd: (-1) trait_missing.Rd:17-18: Lost braces in \itemize; \value handles \item{}{} directly
checkRd: (-1) trait_missing.Rd:19-20: Lost braces in \itemize; \value handles \item{}{} directly
checkRd: (-1) trait_missing.Rd:21-22: Lost braces in \itemize; \value handles \item{}{} directly
checkRd: (-1) trait_missing.Rd:23-24: Lost braces in \itemize; \value handles \item{}{} directly
Flavors: r-devel-linux-x86_64-debian-clang, r-devel-linux-x86_64-debian-gcc, r-devel-linux-x86_64-fedora-clang, r-devel-linux-x86_64-fedora-gcc, r-devel-windows-x86_64, r-patched-linux-x86_64, r-release-linux-x86_64, r-release-macos-arm64, r-release-windows-x86_64