Last updated on 2025-06-29 01:48:47 CEST.
Flavor | Version | Tinstall | Tcheck | Ttotal | Status | Flags |
---|---|---|---|---|---|---|
r-devel-linux-x86_64-debian-clang | 0.11.1 | 270.95 | 66.45 | 337.40 | OK | |
r-devel-linux-x86_64-debian-gcc | 0.11.1 | 157.31 | 43.81 | 201.12 | OK | |
r-devel-linux-x86_64-fedora-clang | 0.11.1 | 585.55 | OK | |||
r-devel-linux-x86_64-fedora-gcc | 0.11.1 | 528.30 | OK | |||
r-devel-windows-x86_64 | 0.11.1 | 217.00 | 103.00 | 320.00 | OK | |
r-patched-linux-x86_64 | OK | |||||
r-release-linux-x86_64 | 0.11.1 | 222.35 | 61.81 | 284.16 | OK | |
r-release-macos-arm64 | 0.11.1 | 107.00 | OK | |||
r-release-macos-x86_64 | 0.11.1 | 101.00 | OK | |||
r-release-windows-x86_64 | 0.11.1 | 217.00 | 103.00 | 320.00 | OK | |
r-oldrel-macos-arm64 | 0.11.1 | 116.00 | NOTE | |||
r-oldrel-macos-x86_64 | 0.11.1 | 138.00 | NOTE | |||
r-oldrel-windows-x86_64 | 0.11.1 | 257.00 | 136.00 | 393.00 | OK |
Version: 0.11.1
Check: installed package size
Result: NOTE
installed size is 21.9Mb
sub-directories of 1Mb or more:
libs 20.8Mb
Flavors: r-oldrel-macos-arm64, r-oldrel-macos-x86_64