Last updated on 2024-05-21 02:02:25 CEST.
Flavor | Version | Tinstall | Tcheck | Ttotal | Status | Flags |
---|---|---|---|---|---|---|
r-devel-linux-x86_64-debian-clang | 1.0.2 | 4.42 | 132.03 | 136.45 | NOTE | |
r-devel-linux-x86_64-debian-gcc | 1.0.2 | 3.11 | 96.25 | 99.36 | NOTE | |
r-devel-linux-x86_64-fedora-clang | 1.0.2 | 170.39 | NOTE | |||
r-devel-linux-x86_64-fedora-gcc | 1.0.2 | 188.33 | NOTE | |||
r-devel-windows-x86_64 | 1.0.2 | 5.00 | 113.00 | 118.00 | NOTE | |
r-patched-linux-x86_64 | 1.0.2 | 4.29 | 130.81 | 135.10 | NOTE | |
r-release-linux-x86_64 | 1.0.2 | 3.19 | 124.58 | 127.77 | NOTE | |
r-release-macos-arm64 | 1.0.2 | 52.00 | NOTE | |||
r-release-windows-x86_64 | 1.0.2 | 5.00 | 112.00 | 117.00 | NOTE | |
r-oldrel-macos-arm64 | 1.0.2 | 54.00 | NOTE | |||
r-oldrel-macos-x86_64 | 1.0.2 | 144.00 | NOTE | |||
r-oldrel-windows-x86_64 | 1.0.2 | 5.00 | 135.00 | 140.00 | NOTE |
Version: 1.0.2
Check: package dependencies
Result: NOTE
Package which this enhances but not available for checking: ‘fwelnet’
Flavors: r-devel-linux-x86_64-debian-clang, r-devel-linux-x86_64-debian-gcc, r-devel-linux-x86_64-fedora-clang, r-devel-linux-x86_64-fedora-gcc, r-patched-linux-x86_64, r-release-linux-x86_64, r-release-macos-arm64, r-oldrel-macos-arm64, r-oldrel-macos-x86_64
Version: 1.0.2
Check: package dependencies
Result: NOTE
Packages which this enhances but not available for checking:
'fwelnet', 'doMC'
Flavors: r-devel-windows-x86_64, r-release-windows-x86_64, r-oldrel-windows-x86_64