Last updated on 2024-05-21 02:02:25 CEST.
Flavor | Version | Tinstall | Tcheck | Ttotal | Status | Flags |
---|---|---|---|---|---|---|
r-devel-linux-x86_64-debian-clang | 0.2.2 | 4.48 | 113.09 | 117.57 | NOTE | |
r-devel-linux-x86_64-debian-gcc | 0.2.2 | 3.58 | 84.20 | 87.78 | NOTE | |
r-devel-linux-x86_64-fedora-clang | 0.2.2 | 150.44 | NOTE | |||
r-devel-linux-x86_64-fedora-gcc | 0.2.2 | 159.53 | NOTE | |||
r-devel-windows-x86_64 | 0.2.2 | 5.00 | 200.00 | 205.00 | NOTE | |
r-patched-linux-x86_64 | 0.2.2 | 4.01 | 109.48 | 113.49 | NOTE | |
r-release-linux-x86_64 | 0.2.2 | 3.13 | 114.86 | 117.99 | NOTE | |
r-release-macos-arm64 | 0.2.2 | 64.00 | NOTE | |||
r-release-windows-x86_64 | 0.2.2 | 5.00 | 175.00 | 180.00 | NOTE | |
r-oldrel-macos-arm64 | 0.2.2 | 69.00 | NOTE | |||
r-oldrel-macos-x86_64 | 0.2.2 | 101.00 | NOTE | |||
r-oldrel-windows-x86_64 | 0.2.2 | 6.00 | 173.00 | 179.00 | NOTE |
Version: 0.2.2
Check: LazyData
Result: NOTE
'LazyData' is specified without a 'data' directory
Flavors: r-devel-linux-x86_64-debian-clang, r-devel-linux-x86_64-debian-gcc, r-devel-linux-x86_64-fedora-clang, r-devel-linux-x86_64-fedora-gcc, r-devel-windows-x86_64, r-patched-linux-x86_64, r-release-linux-x86_64, r-release-macos-arm64, r-release-windows-x86_64, r-oldrel-macos-arm64, r-oldrel-macos-x86_64, r-oldrel-windows-x86_64