Last updated on 2024-05-21 02:02:25 CEST.
Flavor | Version | Tinstall | Tcheck | Ttotal | Status | Flags |
---|---|---|---|---|---|---|
r-devel-linux-x86_64-debian-clang | 0.1.6 | 1171.83 | 612.93 | 1784.76 | NOTE | |
r-devel-linux-x86_64-debian-gcc | 0.1.6 | 1039.41 | 567.20 | 1606.61 | NOTE | |
r-devel-linux-x86_64-fedora-clang | 0.1.6 | 2158.39 | NOTE | |||
r-devel-linux-x86_64-fedora-gcc | 0.1.6 | 2988.23 | NOTE | |||
r-devel-windows-x86_64 | 0.1.6 | 921.00 | 637.00 | 1558.00 | NOTE | |
r-patched-linux-x86_64 | 0.1.6 | 991.56 | 732.38 | 1723.94 | NOTE | |
r-release-linux-x86_64 | 0.1.6 | 1198.51 | 714.66 | 1913.17 | NOTE | |
r-release-macos-arm64 | 0.1.6 | 603.00 | NOTE | |||
r-release-windows-x86_64 | 0.1.6 | 887.00 | 645.00 | 1532.00 | NOTE | |
r-oldrel-macos-arm64 | 0.1.6 | 579.00 | NOTE | |||
r-oldrel-macos-x86_64 | 0.1.6 | 947.00 | NOTE | |||
r-oldrel-windows-x86_64 | 0.1.6 | 1091.00 | 754.00 | 1845.00 | NOTE |
Version: 0.1.6
Check: for GNU extensions in Makefiles
Result: NOTE
GNU make is a SystemRequirements.
Flavors: r-devel-linux-x86_64-debian-clang, r-devel-linux-x86_64-debian-gcc, r-devel-linux-x86_64-fedora-clang, r-devel-linux-x86_64-fedora-gcc, r-devel-windows-x86_64, r-patched-linux-x86_64, r-release-linux-x86_64, r-release-macos-arm64, r-release-windows-x86_64, r-oldrel-macos-arm64, r-oldrel-macos-x86_64, r-oldrel-windows-x86_64
Version: 0.1.6
Check: installed package size
Result: NOTE
installed size is 14.5Mb
sub-directories of 1Mb or more:
doc 3.9Mb
libs 9.5Mb
Flavors: r-devel-linux-x86_64-fedora-clang, r-devel-windows-x86_64, r-release-macos-arm64, r-release-windows-x86_64, r-oldrel-macos-arm64, r-oldrel-macos-x86_64, r-oldrel-windows-x86_64