Last updated on 2025-05-09 01:50:21 CEST.
Flavor | Version | Tinstall | Tcheck | Ttotal | Status | Flags |
---|---|---|---|---|---|---|
r-devel-linux-x86_64-debian-clang | 1.0.0 | 6.15 | 46.78 | 52.93 | NOTE | |
r-devel-linux-x86_64-debian-gcc | 1.0.0 | 4.60 | 34.26 | 38.86 | NOTE | |
r-devel-linux-x86_64-fedora-clang | 1.0.0 | 79.80 | OK | |||
r-devel-linux-x86_64-fedora-gcc | 1.0.0 | 84.42 | OK | |||
r-devel-windows-x86_64 | 1.0.0 | 7.00 | 63.00 | 70.00 | OK | |
r-patched-linux-x86_64 | 1.0.0 | 5.76 | 43.32 | 49.08 | OK | |
r-release-linux-x86_64 | 1.0.0 | 5.84 | 43.35 | 49.19 | OK | |
r-release-macos-arm64 | 1.0.0 | 45.00 | OK | |||
r-release-macos-x86_64 | 1.0.0 | 56.00 | OK | |||
r-release-windows-x86_64 | 1.0.0 | 7.00 | 65.00 | 72.00 | OK | |
r-oldrel-macos-arm64 | 1.0.0 | 26.00 | OK | |||
r-oldrel-macos-x86_64 | 1.0.0 | 41.00 | OK | |||
r-oldrel-windows-x86_64 | 1.0.0 | 8.00 | 74.00 | 82.00 | OK |
Version: 1.0.0
Check: CRAN incoming feasibility
Result: NOTE
Maintainer: ‘Phil Mike Jones <philmikejones@gmail.com>’
Found the following (possibly) invalid file URI:
URI: CODE_OF_CONDUCT.md
From: README.md
Flavors: r-devel-linux-x86_64-debian-clang, r-devel-linux-x86_64-debian-gcc