Last updated on 2025-04-30 02:50:55 CEST.
Flavor | Version | Tinstall | Tcheck | Ttotal | Status | Flags |
---|---|---|---|---|---|---|
r-devel-linux-x86_64-debian-clang | 0.1.3 | 16.73 | 94.88 | 111.61 | NOTE | |
r-devel-linux-x86_64-debian-gcc | 0.1.3 | 12.05 | 62.45 | 74.50 | OK | |
r-devel-linux-x86_64-fedora-clang | 0.1.3 | 168.83 | OK | |||
r-devel-linux-x86_64-fedora-gcc | 0.1.3 | 159.00 | OK | |||
r-devel-windows-x86_64 | 0.1.3 | 22.00 | 105.00 | 127.00 | OK | |
r-patched-linux-x86_64 | 0.1.3 | 18.64 | 89.17 | 107.81 | OK | |
r-release-linux-x86_64 | 0.1.3 | 17.54 | 88.47 | 106.01 | OK | |
r-release-macos-arm64 | 0.1.3 | 6.00 | ERROR | |||
r-release-macos-x86_64 | 0.1.3 | 51.00 | ERROR | |||
r-release-windows-x86_64 | 0.1.3 | 23.00 | 111.00 | 134.00 | OK | |
r-oldrel-macos-arm64 | 0.1.3 | 11.00 | ERROR | |||
r-oldrel-macos-x86_64 | 0.1.3 | 13.00 | ERROR | |||
r-oldrel-windows-x86_64 | 0.1.3 | 25.00 | 132.00 | 157.00 | OK |
Version: 0.1.3
Check: examples
Result: NOTE
Examples with CPU (user + system) or elapsed time > 5s
user system elapsed
resampling_Bernoulli 5.128 0.040 6.203
triptych 4.879 0.039 6.009
plot.triptych 4.484 0.080 5.097
Flavor: r-devel-linux-x86_64-debian-clang
Version: 0.1.3
Check: whether package can be installed
Result: ERROR
Installation failed.
Flavors: r-release-macos-arm64, r-release-macos-x86_64, r-oldrel-macos-arm64, r-oldrel-macos-x86_64