Last updated on 2025-05-02 01:52:28 CEST.
Flavor | Version | Tinstall | Tcheck | Ttotal | Status | Flags |
---|---|---|---|---|---|---|
r-devel-linux-x86_64-debian-clang | 0.1.6 | 272.70 | 107.24 | 379.94 | NOTE | |
r-devel-linux-x86_64-debian-gcc | 0.1.6 | 162.85 | 77.39 | 240.24 | OK | |
r-devel-linux-x86_64-fedora-clang | 0.1.6 | 563.62 | OK | |||
r-devel-linux-x86_64-fedora-gcc | 0.1.6 | 699.20 | OK | |||
r-devel-windows-x86_64 | 0.1.6 | 170.00 | 153.00 | 323.00 | OK | |
r-patched-linux-x86_64 | 0.1.6 | 233.31 | 102.24 | 335.55 | OK | |
r-release-linux-x86_64 | OK | |||||
r-release-macos-arm64 | 0.1.6 | 113.00 | OK | |||
r-release-macos-x86_64 | 0.1.6 | 168.00 | OK | |||
r-release-windows-x86_64 | 0.1.6 | 165.00 | 166.00 | 331.00 | OK | |
r-oldrel-macos-arm64 | 0.1.6 | 99.00 | NOTE | |||
r-oldrel-macos-x86_64 | 0.1.6 | 212.00 | NOTE | |||
r-oldrel-windows-x86_64 | 0.1.6 | 142.00 | 153.00 | 295.00 | OK |
Version: 0.1.6
Check: examples
Result: NOTE
Examples with CPU (user + system) or elapsed time > 5s
user system elapsed
tsegest 10.887 0.114 15.621
Flavor: r-devel-linux-x86_64-debian-clang
Version: 0.1.6
Check: installed package size
Result: NOTE
installed size is 28.6Mb
sub-directories of 1Mb or more:
libs 27.9Mb
Flavors: r-oldrel-macos-arm64, r-oldrel-macos-x86_64