CRAN Package Check Results for Package tsPI

Last updated on 2025-04-30 01:50:40 CEST.

Flavor Version Tinstall Tcheck Ttotal Status Flags
r-devel-linux-x86_64-debian-clang 1.0.4 4.03 32.60 36.63 NOTE
r-devel-linux-x86_64-debian-gcc 1.0.4 2.86 24.28 27.14 NOTE
r-devel-linux-x86_64-fedora-clang 1.0.4 57.47 OK
r-devel-linux-x86_64-fedora-gcc 1.0.4 54.24 OK
r-devel-windows-x86_64 1.0.4 8.00 65.00 73.00 OK
r-patched-linux-x86_64 1.0.4 3.84 31.18 35.02 OK
r-release-linux-x86_64 1.0.4 3.27 31.15 34.42 OK
r-release-macos-arm64 1.0.4 23.00 OK
r-release-macos-x86_64 1.0.4 41.00 OK
r-release-windows-x86_64 1.0.4 6.00 61.00 67.00 OK
r-oldrel-macos-arm64 1.0.4 22.00 OK
r-oldrel-macos-x86_64 1.0.4 32.00 OK
r-oldrel-windows-x86_64 1.0.4 7.00 64.00 71.00 OK

Check Details

Version: 1.0.4
Check: CRAN incoming feasibility
Result: NOTE Maintainer: ‘Jouni Helske <jouni.helske@iki.fi>’ No Authors@R field in DESCRIPTION. Please add one, modifying Authors@R: person(given = "Jouni", family = "Helske", role = c("aut", "cre"), email = "jouni.helske@iki.fi") as necessary. Flavors: r-devel-linux-x86_64-debian-clang, r-devel-linux-x86_64-debian-gcc