Last updated on 2025-10-23 02:50:16 CEST.
Flavor | Version | Tinstall | Tcheck | Ttotal | Status | Flags |
---|---|---|---|---|---|---|
r-devel-linux-x86_64-debian-clang | 0.2.0 | 555.18 | 274.01 | 829.19 | OK | |
r-devel-linux-x86_64-debian-gcc | 0.2.0 | 487.38 | 223.35 | 710.73 | OK | |
r-devel-linux-x86_64-fedora-clang | 0.2.0 | 2700.00 | -1334.81 | 1365.19 | OK | |
r-devel-linux-x86_64-fedora-gcc | 0.2.0 | 1560.00 | 20.43 | 1580.43 | OK | |
r-devel-windows-x86_64 | 0.2.0 | 554.00 | 367.00 | 921.00 | OK | |
r-patched-linux-x86_64 | 0.2.0 | 601.47 | 313.25 | 914.72 | OK | |
r-release-linux-x86_64 | 0.2.0 | 610.13 | 312.76 | 922.89 | OK | |
r-release-macos-arm64 | 0.2.0 | 155.00 | 63.00 | 218.00 | OK | |
r-release-macos-x86_64 | 0.2.0 | 168.00 | 123.00 | 291.00 | OK | |
r-release-windows-x86_64 | 0.2.0 | 561.00 | 367.00 | 928.00 | OK | |
r-oldrel-macos-arm64 | 0.2.0 | 179.00 | 73.00 | 252.00 | NOTE | |
r-oldrel-macos-x86_64 | 0.2.0 | 153.00 | 141.00 | 294.00 | NOTE | |
r-oldrel-windows-x86_64 | 0.2.0 | 630.00 | 496.00 | 1126.00 | NOTE |
Version: 0.2.0
Check: installed package size
Result: NOTE
installed size is 109.0Mb
sub-directories of 1Mb or more:
libs 107.9Mb
Flavors: r-oldrel-macos-arm64, r-oldrel-macos-x86_64, r-oldrel-windows-x86_64
Version: 0.2.0
Check: for GNU extensions in Makefiles
Result: NOTE
GNU make is a SystemRequirements.
Flavors: r-oldrel-macos-arm64, r-oldrel-macos-x86_64