Last updated on 2025-11-27 01:48:50 CET.
| Flavor | Version | Tinstall | Tcheck | Ttotal | Status | Flags |
|---|---|---|---|---|---|---|
| r-devel-linux-x86_64-debian-clang | 1.1.1 | 1.74 | 18.21 | 19.95 | NOTE | |
| r-devel-linux-x86_64-debian-gcc | 1.1.1 | 1.39 | 15.01 | 16.40 | NOTE | |
| r-devel-linux-x86_64-fedora-clang | 1.1.1 | 28.99 | OK | |||
| r-devel-linux-x86_64-fedora-gcc | 1.1.1 | 27.36 | OK | |||
| r-devel-windows-x86_64 | 1.1.1 | 3.00 | 32.00 | 35.00 | OK | |
| r-patched-linux-x86_64 | 1.1.1 | 1.46 | 17.04 | 18.50 | OK | |
| r-release-linux-x86_64 | 1.1.1 | 1.53 | 16.99 | 18.52 | OK | |
| r-release-macos-arm64 | 1.1.1 | OK | ||||
| r-release-macos-x86_64 | 1.1.1 | 2.00 | 26.00 | 28.00 | OK | |
| r-release-windows-x86_64 | 1.1.1 | 2.00 | 32.00 | 34.00 | OK | |
| r-oldrel-macos-arm64 | 1.1.1 | OK | ||||
| r-oldrel-macos-x86_64 | 1.1.1 | 1.00 | 17.00 | 18.00 | OK | |
| r-oldrel-windows-x86_64 | 1.1.1 | 2.00 | 34.00 | 36.00 | OK |
Version: 1.1.1
Check: CRAN incoming feasibility
Result: NOTE
Maintainer: ‘Carlos A. Martinez <amartin@unal.edu.co>’
No Authors@R field in DESCRIPTION.
Please add one, modifying
Authors@R: c(person(given = c("Carlos", "A.", "Martinez", "based", "on", "the", "work", "of"),
family = "Ribeiro",
role = c("aut", "cre")),
person(family = "Rosseti.",
comment = "2015"),
person(given = c("Carlos", "A."),
family = "Martinez",
role = "cre",
email = "amartin@unal.edu.co"))
as necessary.
Flavors: r-devel-linux-x86_64-debian-clang, r-devel-linux-x86_64-debian-gcc