CRAN Package Check Results for Package twitterwidget

Last updated on 2025-11-03 02:49:45 CET.

Flavor Version Tinstall Tcheck Ttotal Status Flags
r-devel-linux-x86_64-debian-clang 0.1.1 2.17 26.05 28.22 OK
r-devel-linux-x86_64-debian-gcc 0.1.1 1.60 21.96 23.56 OK
r-devel-linux-x86_64-fedora-clang 0.1.1 40.43 OK
r-devel-linux-x86_64-fedora-gcc 0.1.1 38.12 OK
r-devel-windows-x86_64 0.1.1 5.00 47.00 52.00 OK
r-patched-linux-x86_64 0.1.1 2.26 23.85 26.11 OK
r-release-linux-x86_64 0.1.1 2.30 23.79 26.09 OK
r-release-macos-arm64 0.1.1 1.00 17.00 18.00 OK
r-release-macos-x86_64 0.1.1 2.00 28.00 30.00 OK
r-release-windows-x86_64 0.1.1 4.00 47.00 51.00 OK
r-oldrel-macos-arm64 0.1.1 1.00 16.00 17.00 NOTE
r-oldrel-macos-x86_64 0.1.1 2.00 23.00 25.00 NOTE
r-oldrel-windows-x86_64 0.1.1 5.00 52.00 57.00 NOTE

Check Details

Version: 0.1.1
Check: LazyData
Result: NOTE 'LazyData' is specified without a 'data' directory Flavors: r-oldrel-macos-arm64, r-oldrel-macos-x86_64, r-oldrel-windows-x86_64