Last updated on 2025-05-01 01:49:50 CEST.
Flavor | Version | Tinstall | Tcheck | Ttotal | Status | Flags |
---|---|---|---|---|---|---|
r-devel-linux-x86_64-debian-clang | 1.0.7 | 2.97 | 33.74 | 36.71 | NOTE | |
r-devel-linux-x86_64-debian-gcc | 1.0.7 | 2.23 | 26.05 | 28.28 | OK | |
r-devel-linux-x86_64-fedora-clang | 1.0.7 | 55.40 | OK | |||
r-devel-linux-x86_64-fedora-gcc | 1.0.7 | 52.72 | OK | |||
r-devel-windows-x86_64 | 1.0.7 | 5.00 | 64.00 | 69.00 | OK | |
r-patched-linux-x86_64 | 1.0.7 | 3.33 | 31.16 | 34.49 | OK | |
r-release-linux-x86_64 | 1.0.7 | 2.64 | 30.94 | 33.58 | OK | |
r-release-macos-arm64 | 1.0.7 | 21.00 | OK | |||
r-release-macos-x86_64 | 1.0.7 | 37.00 | OK | |||
r-release-windows-x86_64 | 1.0.7 | 6.00 | 65.00 | 71.00 | OK | |
r-oldrel-macos-arm64 | 1.0.7 | 23.00 | OK | |||
r-oldrel-macos-x86_64 | 1.0.7 | 37.00 | OK | |||
r-oldrel-windows-x86_64 | 1.0.7 | 6.00 | 63.00 | 69.00 | OK |
Version: 1.0.7
Check: examples
Result: NOTE
Examples with CPU (user + system) or elapsed time > 5s
user system elapsed
trafftest 3.879 0.429 5.33
Flavor: r-devel-linux-x86_64-debian-clang