CRAN Package Check Results for Package uwot

Last updated on 2025-04-29 01:49:51 CEST.

Flavor Version Tinstall Tcheck Ttotal Status Flags
r-devel-linux-x86_64-debian-clang 0.2.3 82.92 231.07 313.99 OK
r-devel-linux-x86_64-debian-gcc 0.2.3 62.61 225.43 288.04 NOTE
r-devel-linux-x86_64-fedora-clang 0.2.3 470.05 OK
r-devel-linux-x86_64-fedora-gcc 0.2.3 492.25 OK
r-devel-windows-x86_64 0.2.3 96.00 256.00 352.00 OK
r-patched-linux-x86_64 0.2.3 90.45 230.17 320.62 OK
r-release-linux-x86_64 0.2.3 85.50 224.74 310.24 OK
r-release-macos-arm64 0.2.3 159.00 OK
r-release-macos-x86_64 0.2.3 285.00 OK
r-release-windows-x86_64 0.2.3 94.00 266.00 360.00 OK
r-oldrel-macos-arm64 0.2.3 155.00 NOTE
r-oldrel-macos-x86_64 0.2.3 245.00 NOTE
r-oldrel-windows-x86_64 0.2.3 114.00 327.00 441.00 OK

Check Details

Version: 0.2.3
Check: examples
Result: NOTE Examples with CPU (user + system) or elapsed time > 5s user system elapsed umap2 5.994 1.565 39.891 umap 5.448 0.008 6.580 Flavor: r-devel-linux-x86_64-debian-gcc

Version: 0.2.3
Check: installed package size
Result: NOTE installed size is 16.6Mb sub-directories of 1Mb or more: libs 15.6Mb Flavors: r-oldrel-macos-arm64, r-oldrel-macos-x86_64