Last updated on 2025-05-06 02:50:35 CEST.
Flavor | Version | Tinstall | Tcheck | Ttotal | Status | Flags |
---|---|---|---|---|---|---|
r-devel-linux-x86_64-debian-clang | 0.9.0 | 4.42 | 45.15 | 49.57 | NOTE | |
r-devel-linux-x86_64-debian-gcc | 0.9.0 | 3.41 | 33.58 | 36.99 | NOTE | |
r-devel-linux-x86_64-fedora-clang | 0.9.0 | 74.82 | OK | |||
r-devel-linux-x86_64-fedora-gcc | 0.9.0 | 68.46 | OK | |||
r-devel-windows-x86_64 | 0.9.0 | 6.00 | 64.00 | 70.00 | OK | |
r-patched-linux-x86_64 | 0.9.0 | 4.59 | 41.16 | 45.75 | OK | |
r-release-linux-x86_64 | 0.9.0 | 4.72 | 41.26 | 45.98 | OK | |
r-release-macos-arm64 | 0.9.0 | 50.00 | OK | |||
r-release-macos-x86_64 | 0.9.0 | 66.00 | OK | |||
r-release-windows-x86_64 | 0.9.0 | 7.00 | 82.00 | 89.00 | OK | |
r-oldrel-macos-arm64 | 0.9.0 | 51.00 | OK | |||
r-oldrel-macos-x86_64 | 0.9.0 | 79.00 | OK | |||
r-oldrel-windows-x86_64 | 0.9.0 | 7.00 | 80.00 | 87.00 | OK |
Version: 0.9.0
Check: CRAN incoming feasibility
Result: NOTE
Maintainer: ‘Corey Runkel <runkelcorey@gmail.com>’
The URL field contains the following bad parts:
runkelcorey.github.io/valet
The URL field should be a list of URLs separated by commas or
whitespace.
Flavors: r-devel-linux-x86_64-debian-clang, r-devel-linux-x86_64-debian-gcc
Version: 0.9.0
Check: examples
Result: NA
user system elapsed
valet 0.525 0.059 64.874
OK
Flavor: r-devel-linux-x86_64-debian-clang