Last updated on 2025-05-08 01:51:25 CEST.
Flavor | Version | Tinstall | Tcheck | Ttotal | Status | Flags |
---|---|---|---|---|---|---|
r-devel-linux-x86_64-debian-clang | 0.1.1 | 7.23 | 54.51 | 61.74 | OK | |
r-devel-linux-x86_64-debian-gcc | 0.1.1 | 4.88 | 38.46 | 43.34 | OK | |
r-devel-linux-x86_64-fedora-clang | 0.1.1 | 91.69 | OK | |||
r-devel-linux-x86_64-fedora-gcc | 0.1.1 | 92.36 | OK | |||
r-devel-windows-x86_64 | 0.1.1 | 8.00 | 65.00 | 73.00 | OK | |
r-patched-linux-x86_64 | 0.1.1 | 7.39 | 49.52 | 56.91 | OK | |
r-release-linux-x86_64 | 0.1.1 | 5.46 | 49.07 | 54.53 | OK | |
r-release-macos-arm64 | 0.1.1 | 29.00 | OK | |||
r-release-macos-x86_64 | 0.1.1 | 55.00 | OK | |||
r-release-windows-x86_64 | 0.1.1 | 8.00 | 66.00 | 74.00 | OK | |
r-oldrel-macos-arm64 | 0.1.1 | 29.00 | NOTE | |||
r-oldrel-macos-x86_64 | 0.1.1 | 42.00 | NOTE | |||
r-oldrel-windows-x86_64 | 0.1.1 | 10.00 | 80.00 | 90.00 | NOTE |
Version: 0.1.1
Check: LazyData
Result: NOTE
'LazyData' is specified without a 'data' directory
Flavors: r-oldrel-macos-arm64, r-oldrel-macos-x86_64, r-oldrel-windows-x86_64