Last updated on 2025-11-27 01:48:50 CET.
| Flavor | Version | Tinstall | Tcheck | Ttotal | Status | Flags |
|---|---|---|---|---|---|---|
| r-devel-linux-x86_64-debian-clang | 1.0.8 | 17.07 | 35.20 | 52.27 | NOTE | |
| r-devel-linux-x86_64-debian-gcc | 1.0.8 | 9.40 | 27.58 | 36.98 | NOTE | |
| r-devel-linux-x86_64-fedora-clang | 1.0.8 | 78.00 | 39.61 | 117.61 | NOTE | |
| r-devel-linux-x86_64-fedora-gcc | 1.0.8 | 65.00 | 13.50 | 78.50 | NOTE | |
| r-devel-windows-x86_64 | 1.0.8 | 25.00 | 68.00 | 93.00 | OK | |
| r-patched-linux-x86_64 | 1.0.8 | 13.18 | 31.87 | 45.05 | NOTE | |
| r-release-linux-x86_64 | 1.0.8 | 12.40 | 32.30 | 44.70 | NOTE | |
| r-release-macos-arm64 | 1.0.8 | NOTE | ||||
| r-release-macos-x86_64 | 1.0.8 | 73.00 | 32.00 | 105.00 | NOTE | |
| r-release-windows-x86_64 | 1.0.8 | 21.00 | 76.00 | 97.00 | OK | |
| r-oldrel-macos-arm64 | 1.0.8 | NOTE | ||||
| r-oldrel-macos-x86_64 | 1.0.8 | 60.00 | 30.00 | 90.00 | NOTE | |
| r-oldrel-windows-x86_64 | 1.0.8 | 86.00 | 91.00 | 177.00 | OK |
Version: 1.0.8
Check: C++ specification
Result: NOTE
Specified C++11: please drop specification unless essential
Flavors: r-devel-linux-x86_64-debian-clang, r-devel-linux-x86_64-debian-gcc, r-patched-linux-x86_64, r-release-linux-x86_64, r-release-macos-arm64, r-release-macos-x86_64, r-oldrel-macos-arm64, r-oldrel-macos-x86_64
Version: 1.0.8
Check: C++ specification
Result: NOTE
Specified C++11: support will be removed soon
Flavors: r-devel-linux-x86_64-fedora-clang, r-devel-linux-x86_64-fedora-gcc