Last updated on 2025-05-09 01:50:22 CEST.
Flavor | Version | Tinstall | Tcheck | Ttotal | Status | Flags |
---|---|---|---|---|---|---|
r-devel-linux-x86_64-debian-clang | 1.3.0 | 28.37 | 215.84 | 244.21 | OK | |
r-devel-linux-x86_64-debian-gcc | 1.3.0 | 18.23 | 136.40 | 154.63 | OK | |
r-devel-linux-x86_64-fedora-clang | 1.3.0 | 361.60 | OK | |||
r-devel-linux-x86_64-fedora-gcc | 1.3.0 | 369.13 | OK | |||
r-devel-windows-x86_64 | 1.3.0 | 33.00 | 216.00 | 249.00 | OK | |
r-patched-linux-x86_64 | 1.3.0 | 26.94 | 192.16 | 219.10 | OK | |
r-release-linux-x86_64 | 1.3.0 | 23.62 | 193.70 | 217.32 | OK | |
r-release-macos-arm64 | 1.3.0 | 113.00 | OK | |||
r-release-macos-x86_64 | 1.3.0 | 229.00 | OK | |||
r-release-windows-x86_64 | 1.3.0 | 35.00 | 226.00 | 261.00 | OK | |
r-oldrel-macos-arm64 | 1.3.0 | 104.00 | NOTE | |||
r-oldrel-macos-x86_64 | 1.3.0 | 188.00 | NOTE | |||
r-oldrel-windows-x86_64 | 1.3.0 | 40.00 | 279.00 | 319.00 | OK |
Version: 1.3.0
Check: installed package size
Result: NOTE
installed size is 5.2Mb
sub-directories of 1Mb or more:
R 3.4Mb
help 1.1Mb
Flavors: r-oldrel-macos-arm64, r-oldrel-macos-x86_64