CRAN Package Check Results for Package verhoeff

Last updated on 2025-02-20 01:50:50 CET.

Flavor Version Tinstall Tcheck Ttotal Status Flags
r-devel-linux-x86_64-debian-clang 0.4.0 1.64 18.11 19.75 OK
r-devel-linux-x86_64-debian-gcc 0.4.0 1.37 14.39 15.76 OK
r-devel-linux-x86_64-fedora-clang 0.4.0 33.69 OK
r-devel-linux-x86_64-fedora-gcc 0.4.0 29.19 OK
r-devel-macos-arm64 0.4.0 14.00 OK
r-devel-macos-x86_64 0.4.0 22.00 OK
r-devel-windows-x86_64 0.4.0 3.00 41.00 44.00 OK
r-patched-linux-x86_64 0.4.0 1.64 17.35 18.99 NOTE
r-release-linux-x86_64 0.4.0 1.50 17.33 18.83 NOTE
r-release-macos-arm64 0.4.0 14.00 NOTE
r-release-macos-x86_64 0.4.0 20.00 NOTE
r-release-windows-x86_64 0.4.0 3.00 41.00 44.00 NOTE
r-oldrel-macos-arm64 0.4.0 15.00 NOTE
r-oldrel-macos-x86_64 0.4.0 20.00 NOTE
r-oldrel-windows-x86_64 0.4.0 4.00 50.00 54.00 NOTE

Check Details

Version: 0.4.0
Check: LazyData
Result: NOTE 'LazyData' is specified without a 'data' directory Flavors: r-patched-linux-x86_64, r-release-linux-x86_64, r-release-macos-arm64, r-release-macos-x86_64, r-release-windows-x86_64, r-oldrel-macos-arm64, r-oldrel-macos-x86_64, r-oldrel-windows-x86_64