Last updated on 2024-05-21 02:02:26 CEST.
Flavor | Version | Tinstall | Tcheck | Ttotal | Status | Flags |
---|---|---|---|---|---|---|
r-devel-linux-x86_64-debian-clang | 0.2.16 | 11.85 | 86.66 | 98.51 | NOTE | |
r-devel-linux-x86_64-debian-gcc | 0.2.16 | 10.92 | 66.06 | 76.98 | NOTE | |
r-devel-linux-x86_64-fedora-clang | 0.2.16 | 127.41 | NOTE | |||
r-devel-linux-x86_64-fedora-gcc | 0.2.16 | 132.56 | NOTE | |||
r-devel-windows-x86_64 | 0.2.16 | 19.00 | 87.00 | 106.00 | NOTE | |
r-patched-linux-x86_64 | 0.2.16 | 12.24 | 85.70 | 97.94 | OK | |
r-release-linux-x86_64 | 0.2.16 | 12.13 | 83.62 | 95.75 | OK | |
r-release-macos-arm64 | 0.2.16 | 44.00 | OK | |||
r-release-windows-x86_64 | 0.2.16 | 19.00 | 88.00 | 107.00 | OK | |
r-oldrel-macos-arm64 | 0.2.16 | 51.00 | OK | |||
r-oldrel-macos-x86_64 | 0.2.16 | 125.00 | OK | |||
r-oldrel-windows-x86_64 | 0.2.16 | 20.00 | 102.00 | 122.00 | OK |
Version: 0.2.16
Check: compiled code
Result: NOTE
File ‘vetr/libs/vetr.so’:
Found non-API call to R: ‘SETLENGTH’
Compiled code should not call non-API entry points in R.
See ‘Writing portable packages’ in the ‘Writing R Extensions’ manual.
Flavors: r-devel-linux-x86_64-debian-clang, r-devel-linux-x86_64-debian-gcc, r-devel-linux-x86_64-fedora-clang, r-devel-linux-x86_64-fedora-gcc
Version: 0.2.16
Check: compiled code
Result: NOTE
File 'vetr/libs/x64/vetr.dll':
Found non-API call to R: 'SETLENGTH'
Compiled code should not call non-API entry points in R.
See 'Writing portable packages' in the 'Writing R Extensions' manual.
Flavor: r-devel-windows-x86_64