Last updated on 2025-04-15 01:50:50 CEST.
Flavor | Version | Tinstall | Tcheck | Ttotal | Status | Flags |
---|---|---|---|---|---|---|
r-devel-linux-x86_64-debian-clang | 2.0.0 | 10.55 | 488.40 | 498.95 | OK | |
r-devel-linux-x86_64-debian-gcc | 2.0.0 | 6.49 | 295.70 | 302.19 | OK | |
r-devel-linux-x86_64-fedora-clang | 2.0.0 | 796.10 | OK | |||
r-devel-linux-x86_64-fedora-gcc | 2.0.0 | 810.04 | OK | |||
r-devel-windows-x86_64 | 2.0.0 | 13.00 | 460.00 | 473.00 | OK | |
r-patched-linux-x86_64 | 2.0.0 | 10.12 | 508.21 | 518.33 | OK | |
r-release-linux-x86_64 | 2.0.0 | 10.10 | 502.96 | 513.06 | OK | |
r-release-macos-arm64 | 2.0.0 | 253.00 | OK | |||
r-release-macos-x86_64 | 2.0.0 | 463.00 | OK | |||
r-release-windows-x86_64 | 2.0.0 | 14.00 | 464.00 | 478.00 | OK | |
r-oldrel-macos-arm64 | 2.0.0 | 267.00 | NOTE | |||
r-oldrel-macos-x86_64 | 2.0.0 | 329.00 | NOTE | |||
r-oldrel-windows-x86_64 | 2.0.0 | 16.00 | 596.00 | 612.00 | NOTE |
Version: 2.0.0
Check: installed package size
Result: NOTE
installed size is 5.2Mb
sub-directories of 1Mb or more:
doc 4.7Mb
Flavors: r-oldrel-macos-arm64, r-oldrel-macos-x86_64, r-oldrel-windows-x86_64