CRAN Package Check Results for Package violinplotter

Last updated on 2025-05-09 01:50:22 CEST.

Flavor Version Tinstall Tcheck Ttotal Status Flags
r-devel-linux-x86_64-debian-clang 3.0.1 2.43 26.08 28.51 NOTE
r-devel-linux-x86_64-debian-gcc 3.0.1 1.77 20.34 22.11 NOTE
r-devel-linux-x86_64-fedora-clang 3.0.1 43.29 OK
r-devel-linux-x86_64-fedora-gcc 3.0.1 40.96 OK
r-devel-windows-x86_64 3.0.1 3.00 42.00 45.00 OK
r-patched-linux-x86_64 3.0.1 2.21 23.71 25.92 OK
r-release-linux-x86_64 3.0.1 2.12 24.40 26.52 OK
r-release-macos-arm64 3.0.1 19.00 OK
r-release-macos-x86_64 3.0.1 31.00 OK
r-release-windows-x86_64 3.0.1 3.00 48.00 51.00 OK
r-oldrel-macos-arm64 3.0.1 18.00 OK
r-oldrel-macos-x86_64 3.0.1 24.00 OK
r-oldrel-windows-x86_64 3.0.1 3.00 42.00 45.00 OK

Check Details

Version: 3.0.1
Check: CRAN incoming feasibility
Result: NOTE Maintainer: ‘Jefferson Paril <jeffersonparil@gmail.com>’ No Authors@R field in DESCRIPTION. Please add one, modifying Authors@R: person(given = "Jefferson", family = "Paril", role = c("aut", "cre"), email = "jeffersonparil@gmail.com") as necessary. Package CITATION file contains call(s) to old-style citEntry(). Please use bibentry() instead. Flavors: r-devel-linux-x86_64-debian-clang, r-devel-linux-x86_64-debian-gcc