CRAN Package Check Results for Package visaOTR

Last updated on 2025-05-02 02:51:11 CEST.

Flavor Version Tinstall Tcheck Ttotal Status Flags
r-devel-linux-x86_64-debian-clang 0.1.0 10.13 88.32 98.45 NOTE
r-devel-linux-x86_64-debian-gcc 0.1.0 7.44 68.71 76.15 OK
r-devel-linux-x86_64-fedora-clang 0.1.0 157.22 OK
r-devel-linux-x86_64-fedora-gcc 0.1.0 156.16 OK
r-devel-windows-x86_64 0.1.0 11.00 93.00 104.00 OK
r-patched-linux-x86_64 0.1.0 8.52 88.26 96.78 OK
r-release-linux-x86_64 OK
r-release-macos-arm64 0.1.0 44.00 OK
r-release-macos-x86_64 0.1.0 87.00 OK
r-release-windows-x86_64 0.1.0 10.00 90.00 100.00 OK
r-oldrel-macos-arm64 0.1.0 39.00 OK
r-oldrel-macos-x86_64 0.1.0 66.00 OK
r-oldrel-windows-x86_64 0.1.0 11.00 110.00 121.00 OK

Check Details

Version: 0.1.0
Check: examples
Result: NOTE Examples with CPU (user + system) or elapsed time > 5s user system elapsed visa.est 12.903 1.146 6.963 Flavor: r-devel-linux-x86_64-debian-clang