Last updated on 2025-06-28 01:50:06 CEST.
Flavor | Version | Tinstall | Tcheck | Ttotal | Status | Flags |
---|---|---|---|---|---|---|
r-devel-linux-x86_64-debian-clang | 1.0.7 | 20.83 | 102.92 | 123.75 | OK | |
r-devel-linux-x86_64-debian-gcc | 1.0.7 | 17.04 | 70.33 | 87.37 | OK | |
r-devel-linux-x86_64-fedora-clang | 1.0.7 | 197.43 | OK | |||
r-devel-linux-x86_64-fedora-gcc | 1.0.7 | 189.54 | OK | |||
r-devel-windows-x86_64 | 1.0.7 | 28.00 | 108.00 | 136.00 | OK | |
r-patched-linux-x86_64 | OK | |||||
r-release-linux-x86_64 | 1.0.7 | 21.18 | 97.23 | 118.41 | OK | |
r-release-macos-arm64 | 1.0.7 | 60.00 | OK | |||
r-release-macos-x86_64 | 1.0.7 | 111.00 | OK | |||
r-release-windows-x86_64 | 1.0.7 | 31.00 | 108.00 | 139.00 | OK | |
r-oldrel-macos-arm64 | 1.0.7 | 62.00 | NOTE | |||
r-oldrel-macos-x86_64 | 1.0.7 | 120.00 | NOTE | |||
r-oldrel-windows-x86_64 | 1.0.7 | 38.00 | 134.00 | 172.00 | NOTE |
Version: 1.0.7
Check: installed package size
Result: NOTE
installed size is 6.4Mb
sub-directories of 1Mb or more:
data 6.0Mb
Flavors: r-oldrel-macos-arm64, r-oldrel-macos-x86_64, r-oldrel-windows-x86_64