Last updated on 2025-05-02 01:52:29 CEST.
Flavor | Version | Tinstall | Tcheck | Ttotal | Status | Flags |
---|---|---|---|---|---|---|
r-devel-linux-x86_64-debian-clang | 0.1.0 | 35.55 | 180.97 | 216.52 | NOTE | |
r-devel-linux-x86_64-debian-gcc | 0.1.0 | 25.60 | 124.71 | 150.31 | OK | |
r-devel-linux-x86_64-fedora-clang | 0.1.0 | 328.69 | OK | |||
r-devel-linux-x86_64-fedora-gcc | 0.1.0 | 308.89 | OK | |||
r-devel-windows-x86_64 | 0.1.0 | 36.00 | 179.00 | 215.00 | OK | |
r-patched-linux-x86_64 | 0.1.0 | 30.71 | 168.32 | 199.03 | OK | |
r-release-linux-x86_64 | OK | |||||
r-release-macos-arm64 | 0.1.0 | 94.00 | OK | |||
r-release-macos-x86_64 | 0.1.0 | 162.00 | OK | |||
r-release-windows-x86_64 | 0.1.0 | 36.00 | 175.00 | 211.00 | OK | |
r-oldrel-macos-arm64 | 0.1.0 | 93.00 | OK | |||
r-oldrel-macos-x86_64 | 0.1.0 | 131.00 | OK | |||
r-oldrel-windows-x86_64 | 0.1.0 | 45.00 | 229.00 | 274.00 | OK |
Version: 0.1.0
Check: examples
Result: NOTE
Examples with CPU (user + system) or elapsed time > 5s
user system elapsed
preprocess 5.911 0.094 7.636
comparisonPlots 5.148 0.114 6.320
Flavor: r-devel-linux-x86_64-debian-clang