Last updated on 2025-11-16 01:49:34 CET.
| Flavor | Version | Tinstall | Tcheck | Ttotal | Status | Flags |
|---|---|---|---|---|---|---|
| r-devel-linux-x86_64-debian-clang | 0.35.1 | 5.42 | 48.48 | 53.90 | OK | |
| r-devel-linux-x86_64-debian-gcc | 0.35.1 | 4.17 | 37.44 | 41.61 | NOTE | |
| r-devel-linux-x86_64-fedora-clang | 0.35.1 | 14.00 | 68.81 | 82.81 | OK | |
| r-devel-linux-x86_64-fedora-gcc | 0.35.1 | 13.00 | 78.67 | 91.67 | OK | |
| r-devel-windows-x86_64 | 0.35.1 | 11.00 | 67.00 | 78.00 | OK | |
| r-patched-linux-x86_64 | 0.35.1 | 7.25 | 44.45 | 51.70 | OK | |
| r-release-linux-x86_64 | 0.35.1 | 5.66 | 44.28 | 49.94 | OK | |
| r-release-macos-arm64 | 0.35.1 | 3.00 | 33.00 | 36.00 | OK | |
| r-release-macos-x86_64 | 0.35.1 | 7.00 | 57.00 | 64.00 | OK | |
| r-release-windows-x86_64 | 0.35.1 | 10.00 | 68.00 | 78.00 | OK | |
| r-oldrel-macos-arm64 | 0.35.1 | 3.00 | 38.00 | 41.00 | OK | |
| r-oldrel-macos-x86_64 | 0.35.1 | 9.00 | 63.00 | 72.00 | OK | |
| r-oldrel-windows-x86_64 | 0.35.1 | 11.00 | 78.00 | 89.00 | OK |
Version: 0.35.1
Check: CRAN incoming feasibility
Result: NOTE
Maintainer: ‘Bryan Gertzel <bryan.gertzel@anu.edu.au>’
The BugReports field in DESCRIPTION has
https://github.com/vosonlab/vosonSML/issues/
which should likely be
https://github.com/vosonlab/vosonSML/issues/issues
instead.
Flavor: r-devel-linux-x86_64-debian-gcc