Last updated on 2025-02-21 02:52:28 CET.
Flavor | Version | Tinstall | Tcheck | Ttotal | Status | Flags |
---|---|---|---|---|---|---|
r-devel-linux-x86_64-debian-clang | 0.2.1 | 4.88 | 56.08 | 60.96 | NOTE | |
r-devel-linux-x86_64-debian-gcc | 0.2.1 | 3.65 | 35.40 | 39.05 | NOTE | |
r-devel-linux-x86_64-fedora-clang | 0.2.1 | 95.52 | NOTE | |||
r-devel-linux-x86_64-fedora-gcc | 0.2.1 | 109.36 | NOTE | |||
r-devel-macos-arm64 | 0.2.1 | 41.00 | NOTE | |||
r-devel-macos-x86_64 | 0.2.1 | 75.00 | NOTE | |||
r-devel-windows-x86_64 | 0.2.1 | 11.00 | 74.00 | 85.00 | NOTE | |
r-patched-linux-x86_64 | 0.2.1 | 4.28 | 53.17 | 57.45 | OK | |
r-release-linux-x86_64 | 0.2.1 | 4.20 | 54.04 | 58.24 | OK | |
r-release-macos-arm64 | 0.2.1 | 43.00 | OK | |||
r-release-macos-x86_64 | 0.2.1 | 55.00 | OK | |||
r-release-windows-x86_64 | 0.2.1 | 10.00 | 72.00 | 82.00 | OK | |
r-oldrel-macos-arm64 | 0.2.1 | 72.00 | OK | |||
r-oldrel-macos-x86_64 | 0.2.1 | 140.00 | OK | |||
r-oldrel-windows-x86_64 | 0.2.1 | 11.00 | 80.00 | 91.00 | OK |
Version: 0.2.1
Check: compiled code
Result: NOTE
File ‘warp/libs/warp.so’:
Found non-API calls to R: ‘Rf_findVarInFrame3’, ‘STRING_PTR’
Compiled code should not call non-API entry points in R.
See ‘Writing portable packages’ in the ‘Writing R Extensions’ manual,
and section ‘Moving into C API compliance’ for issues with the use of
non-API entry points.
Flavors: r-devel-linux-x86_64-debian-clang, r-devel-linux-x86_64-debian-gcc, r-devel-linux-x86_64-fedora-clang, r-devel-linux-x86_64-fedora-gcc, r-devel-macos-arm64, r-devel-macos-x86_64
Version: 0.2.1
Check: compiled code
Result: NOTE
File 'warp/libs/x64/warp.dll':
Found non-API calls to R: 'Rf_findVarInFrame3', 'STRING_PTR'
Compiled code should not call non-API entry points in R.
See 'Writing portable packages' in the 'Writing R Extensions' manual,
and section 'Moving into C API compliance' for issues with the use of
non-API entry points.
Flavor: r-devel-windows-x86_64