Last updated on 2025-05-01 01:49:51 CEST.
Flavor | Version | Tinstall | Tcheck | Ttotal | Status | Flags |
---|---|---|---|---|---|---|
r-devel-linux-x86_64-debian-clang | 0.2.0 | 5.11 | 50.85 | 55.96 | NOTE | |
r-devel-linux-x86_64-debian-gcc | 0.2.0 | 3.22 | 37.07 | 40.29 | NOTE | |
r-devel-linux-x86_64-fedora-clang | 0.2.0 | 91.87 | NOTE | |||
r-devel-linux-x86_64-fedora-gcc | 0.2.0 | 73.73 | NOTE | |||
r-devel-windows-x86_64 | 0.2.0 | 7.00 | 65.00 | 72.00 | NOTE | |
r-patched-linux-x86_64 | 0.2.0 | 5.01 | 46.76 | 51.77 | NOTE | |
r-release-linux-x86_64 | 0.2.0 | 5.61 | 46.61 | 52.22 | NOTE | |
r-release-macos-arm64 | 0.2.0 | 27.00 | NOTE | |||
r-release-macos-x86_64 | 0.2.0 | 46.00 | NOTE | |||
r-release-windows-x86_64 | 0.2.0 | 8.00 | 66.00 | 74.00 | NOTE | |
r-oldrel-macos-arm64 | 0.2.0 | 24.00 | OK | |||
r-oldrel-macos-x86_64 | 0.2.0 | 39.00 | OK | |||
r-oldrel-windows-x86_64 | 0.2.0 | 10.00 | 77.00 | 87.00 | OK |
Version: 0.2.0
Check: DESCRIPTION meta-information
Result: NOTE
Missing dependency on R >= 4.1.0 because package code uses the pipe
|> or function shorthand \(...) syntax added in R 4.1.0.
File(s) using such syntax:
‘flextable.R’ ‘washi_flextable.Rd’ ‘washi_scale.Rd’ ‘washi_theme.Rd’
Flavors: r-devel-linux-x86_64-debian-clang, r-devel-linux-x86_64-debian-gcc, r-devel-linux-x86_64-fedora-clang, r-devel-linux-x86_64-fedora-gcc, r-devel-windows-x86_64, r-patched-linux-x86_64, r-release-linux-x86_64, r-release-macos-arm64, r-release-macos-x86_64, r-release-windows-x86_64