Last updated on 2024-05-21 02:02:26 CEST.
Flavor | Version | Tinstall | Tcheck | Ttotal | Status | Flags |
---|---|---|---|---|---|---|
r-devel-linux-x86_64-debian-clang | 1.0.3 | 11.12 | 66.39 | 77.51 | OK | |
r-devel-linux-x86_64-debian-gcc | 1.0.3 | 6.59 | 51.40 | 57.99 | OK | |
r-devel-linux-x86_64-fedora-clang | 1.0.3 | 93.90 | NOTE | |||
r-devel-linux-x86_64-fedora-gcc | 1.0.3 | 101.89 | OK | |||
r-devel-windows-x86_64 | 1.0.3 | 11.00 | 149.00 | 160.00 | NOTE | |
r-patched-linux-x86_64 | 1.0.3 | 6.94 | 65.54 | 72.48 | OK | |
r-release-linux-x86_64 | 1.0.3 | 6.61 | 65.62 | 72.23 | OK | |
r-release-macos-arm64 | 1.0.3 | 34.00 | NOTE | |||
r-release-windows-x86_64 | 1.0.3 | 14.00 | 71.00 | 85.00 | NOTE | |
r-oldrel-macos-arm64 | 1.0.3 | 40.00 | NOTE | |||
r-oldrel-macos-x86_64 | 1.0.3 | 64.00 | NOTE | |||
r-oldrel-windows-x86_64 | 1.0.3 | 14.00 | 78.00 | 92.00 | NOTE |
Version: 1.0.3
Check: installed package size
Result: NOTE
installed size is 10.8Mb
sub-directories of 1Mb or more:
client 9.6Mb
doc 1.0Mb
Flavors: r-devel-linux-x86_64-fedora-clang, r-devel-windows-x86_64, r-release-macos-arm64, r-release-windows-x86_64, r-oldrel-macos-arm64, r-oldrel-macos-x86_64, r-oldrel-windows-x86_64