Last updated on 2025-05-09 01:50:22 CEST.
Flavor | Version | Tinstall | Tcheck | Ttotal | Status | Flags |
---|---|---|---|---|---|---|
r-devel-linux-x86_64-debian-clang | 1.1.2 | 1.94 | 26.72 | 28.66 | OK | |
r-devel-linux-x86_64-debian-gcc | 1.1.2 | 1.45 | 20.59 | 22.04 | OK | |
r-devel-linux-x86_64-fedora-clang | 1.1.2 | 42.96 | NOTE | |||
r-devel-linux-x86_64-fedora-gcc | 1.1.2 | 40.76 | NOTE | |||
r-devel-windows-x86_64 | 1.1.2 | 4.00 | 49.00 | 53.00 | OK | |
r-patched-linux-x86_64 | 1.1.2 | 2.27 | 24.39 | 26.66 | OK | |
r-release-linux-x86_64 | 1.1.2 | 2.07 | 24.46 | 26.53 | OK | |
r-release-macos-arm64 | 1.1.2 | 120.00 | OK | |||
r-release-macos-x86_64 | 1.1.2 | 37.00 | OK | |||
r-release-windows-x86_64 | 1.1.2 | 4.00 | 51.00 | 55.00 | OK | |
r-oldrel-macos-arm64 | 1.1.2 | 24.00 | OK | |||
r-oldrel-macos-x86_64 | 1.1.2 | 31.00 | OK | |||
r-oldrel-windows-x86_64 | 1.1.2 | 5.00 | 54.00 | 59.00 | OK |
Version: 1.1.2
Check: dependencies in R code
Result: NOTE
Namespaces in Imports field not imported from:
‘here’ ‘tibble’
All declared Imports should be used.
Flavors: r-devel-linux-x86_64-fedora-clang, r-devel-linux-x86_64-fedora-gcc