CRAN Package Check Results for Package whatthreewords

Last updated on 2025-05-09 01:50:22 CEST.

Flavor Version Tinstall Tcheck Ttotal Status Flags
r-devel-linux-x86_64-debian-clang 0.1.3 1.60 23.73 25.33 NOTE
r-devel-linux-x86_64-debian-gcc 0.1.3 1.42 20.26 21.68 NOTE
r-devel-linux-x86_64-fedora-clang 0.1.3 39.48 NOTE
r-devel-linux-x86_64-fedora-gcc 0.1.3 51.56 NOTE
r-devel-windows-x86_64 0.1.3 4.00 46.00 50.00 NOTE
r-patched-linux-x86_64 0.1.3 1.79 22.14 23.93 NOTE
r-release-linux-x86_64 0.1.3 1.41 22.17 23.58 NOTE
r-release-macos-arm64 0.1.3 25.00 NOTE
r-release-macos-x86_64 0.1.3 43.00 NOTE
r-release-windows-x86_64 0.1.3 3.00 47.00 50.00 NOTE
r-oldrel-macos-arm64 0.1.3 26.00 OK
r-oldrel-macos-x86_64 0.1.3 36.00 OK
r-oldrel-windows-x86_64 0.1.3 4.00 49.00 53.00 OK

Check Details

Version: 0.1.3
Check: DESCRIPTION meta-information
Result: NOTE Missing dependency on R >= 4.1.0 because package code uses the pipe |> or function shorthand \(...) syntax added in R 4.1.0. File(s) using such syntax: ‘coords_from_words.R’ ‘get_available_languages.R’ ‘words_from_coords.R’ Flavors: r-devel-linux-x86_64-debian-clang, r-devel-linux-x86_64-debian-gcc, r-devel-linux-x86_64-fedora-clang, r-devel-linux-x86_64-fedora-gcc, r-devel-windows-x86_64, r-patched-linux-x86_64, r-release-linux-x86_64, r-release-macos-arm64, r-release-macos-x86_64, r-release-windows-x86_64