Last updated on 2024-05-21 02:02:26 CEST.
Flavor | Version | Tinstall | Tcheck | Ttotal | Status | Flags |
---|---|---|---|---|---|---|
r-devel-linux-x86_64-debian-clang | 1.1.19 | 10.98 | 146.26 | 157.24 | NOTE | |
r-devel-linux-x86_64-debian-gcc | 1.1.19 | 7.60 | 108.70 | 116.30 | NOTE | |
r-devel-linux-x86_64-fedora-clang | 1.1.19 | 199.29 | NOTE | |||
r-devel-linux-x86_64-fedora-gcc | 1.1.19 | 191.02 | NOTE | |||
r-devel-windows-x86_64 | 1.1.19 | 10.00 | 147.00 | 157.00 | NOTE | |
r-patched-linux-x86_64 | 1.1.19 | 6.70 | 139.94 | 146.64 | NOTE | |
r-release-linux-x86_64 | 1.1.19 | 6.02 | 141.58 | 147.60 | NOTE | |
r-release-macos-arm64 | 1.1.19 | 67.00 | NOTE | |||
r-release-windows-x86_64 | 1.1.19 | 9.00 | 145.00 | 154.00 | NOTE | |
r-oldrel-macos-arm64 | 1.1.19 | 68.00 | OK | |||
r-oldrel-macos-x86_64 | 1.1.19 | 100.00 | OK | |||
r-oldrel-windows-x86_64 | 1.1.19 | 12.00 | 162.00 | 174.00 | OK |
Version: 1.1.19
Check: Rd files
Result: NOTE
checkRd: (-1) completeManualPage.Rd:12: Lost braces
12 | See \emph{\bold{code{\link{ProcessingContext}}}}. Only
| ^
checkRd: (-1) produceAllManualPagesFromObject.Rd:14: Lost braces
14 | See \emph{\bold{\\code{\link{ProcessingContext}}}}.}
| ^
Flavors: r-devel-linux-x86_64-debian-clang, r-devel-linux-x86_64-debian-gcc, r-devel-linux-x86_64-fedora-clang, r-devel-linux-x86_64-fedora-gcc, r-devel-windows-x86_64, r-patched-linux-x86_64, r-release-linux-x86_64, r-release-macos-arm64, r-release-windows-x86_64