Last updated on 2025-02-19 01:51:07 CET.
Flavor | Version | Tinstall | Tcheck | Ttotal | Status | Flags |
---|---|---|---|---|---|---|
r-devel-linux-x86_64-debian-clang | 1.0.5 | 1.58 | 18.14 | 19.72 | OK | |
r-devel-linux-x86_64-debian-gcc | 1.0.5 | 1.31 | 14.68 | 15.99 | OK | |
r-devel-linux-x86_64-fedora-clang | 1.0.5 | 32.58 | OK | |||
r-devel-linux-x86_64-fedora-gcc | 1.0.5 | 29.65 | OK | |||
r-devel-macos-arm64 | 1.0.5 | 15.00 | OK | |||
r-devel-macos-x86_64 | 1.0.5 | 24.00 | OK | |||
r-devel-windows-x86_64 | 1.0.5 | 3.00 | 41.00 | 44.00 | OK | |
r-patched-linux-x86_64 | 1.0.5 | 1.40 | 17.38 | 18.78 | NOTE | |
r-release-linux-x86_64 | 1.0.5 | 1.31 | 17.71 | 19.02 | NOTE | |
r-release-macos-arm64 | 1.0.5 | 18.00 | NOTE | |||
r-release-macos-x86_64 | 1.0.5 | 26.00 | NOTE | |||
r-release-windows-x86_64 | 1.0.5 | 2.00 | 40.00 | 42.00 | NOTE | |
r-oldrel-macos-arm64 | 1.0.5 | 20.00 | NOTE | |||
r-oldrel-macos-x86_64 | 1.0.5 | 19.00 | NOTE | |||
r-oldrel-windows-x86_64 | 1.0.5 | 3.00 | 42.00 | 45.00 | NOTE |
Version: 1.0.5
Check: LazyData
Result: NOTE
'LazyData' is specified without a 'data' directory
Flavors: r-patched-linux-x86_64, r-release-linux-x86_64, r-release-macos-arm64, r-release-macos-x86_64, r-release-windows-x86_64, r-oldrel-macos-arm64, r-oldrel-macos-x86_64, r-oldrel-windows-x86_64