Last updated on 2025-05-07 01:50:19 CEST.
Flavor | Version | Tinstall | Tcheck | Ttotal | Status | Flags |
---|---|---|---|---|---|---|
r-devel-linux-x86_64-debian-clang | 1.8-4 | 2.87 | 55.62 | 58.49 | NOTE | |
r-devel-linux-x86_64-debian-gcc | 1.8-4 | 2.25 | 43.16 | 45.41 | NOTE | |
r-devel-linux-x86_64-fedora-clang | 1.8-4 | 101.51 | NOTE | |||
r-devel-linux-x86_64-fedora-gcc | 1.8-4 | 104.69 | NOTE | |||
r-devel-windows-x86_64 | 1.8-4 | 5.00 | 115.00 | 120.00 | OK | |
r-patched-linux-x86_64 | 1.8-4 | 7.42 | 53.10 | 60.52 | NOTE | |
r-release-linux-x86_64 | 1.8-4 | 2.52 | 52.64 | 55.16 | NOTE | |
r-release-macos-arm64 | 1.8-4 | 82.00 | OK | |||
r-release-macos-x86_64 | 1.8-4 | 134.00 | OK | |||
r-release-windows-x86_64 | 1.8-4 | 7.00 | 115.00 | 122.00 | OK | |
r-oldrel-macos-arm64 | 1.8-4 | 45.00 | OK | |||
r-oldrel-macos-x86_64 | 1.8-4 | 153.00 | OK | |||
r-oldrel-windows-x86_64 | 1.8-4 | 5.00 | 117.00 | 122.00 | OK |
Version: 1.8-4
Check: for non-standard things in the check directory
Result: NOTE
Found the following files/directories:
‘xtable.html’ ‘xtable.tex’
Flavors: r-devel-linux-x86_64-debian-clang, r-devel-linux-x86_64-debian-gcc, r-devel-linux-x86_64-fedora-clang, r-devel-linux-x86_64-fedora-gcc, r-patched-linux-x86_64, r-release-linux-x86_64