Last updated on 2024-05-09 01:56:13 CEST.
Flavor | Version | Tinstall | Tcheck | Ttotal | Status | Flags |
---|---|---|---|---|---|---|
r-devel-linux-x86_64-debian-clang | 2.1.2 | 11.06 | 88.69 | 99.75 | NOTE | |
r-devel-linux-x86_64-debian-gcc | 2.1.2 | 9.01 | 65.48 | 74.49 | NOTE | |
r-devel-linux-x86_64-fedora-clang | 2.1.2 | 125.89 | NOTE | |||
r-devel-linux-x86_64-fedora-gcc | 2.1.2 | 164.32 | NOTE | |||
r-devel-windows-x86_64 | 2.1.2 | 12.00 | 80.00 | 92.00 | NOTE | |
r-patched-linux-x86_64 | 2.1.2 | 11.21 | 84.29 | 95.50 | NOTE | |
r-release-linux-x86_64 | 2.1.2 | 12.33 | 84.95 | 97.28 | NOTE | |
r-release-macos-arm64 | 2.1.2 | 35.00 | NOTE | |||
r-release-windows-x86_64 | 2.1.2 | 12.00 | 79.00 | 91.00 | NOTE | |
r-oldrel-macos-arm64 | 2.1.2 | 35.00 | OK | |||
r-oldrel-macos-x86_64 | 2.1.2 | 58.00 | OK | |||
r-oldrel-windows-x86_64 | 2.1.2 | 15.00 | 91.00 | 106.00 | OK |
Version: 2.1.2
Check: Rd files
Result: NOTE
checkRd: (-1) cat_sim.Rd:110: Lost braces; missing escapes or markup?
110 | \code{min} and {max} are mandatory for setting limits on the test length. User-defined
| ^
Flavors: r-devel-linux-x86_64-debian-clang, r-devel-linux-x86_64-debian-gcc, r-devel-linux-x86_64-fedora-clang, r-devel-linux-x86_64-fedora-gcc, r-devel-windows-x86_64, r-patched-linux-x86_64, r-release-linux-x86_64, r-release-macos-arm64, r-release-windows-x86_64