Last updated on 2024-05-21 02:02:27 CEST.
Flavor | Version | Tinstall | Tcheck | Ttotal | Status | Flags |
---|---|---|---|---|---|---|
r-devel-linux-x86_64-debian-clang | 0.1.2 | 1.53 | 23.48 | 25.01 | NOTE | |
r-devel-linux-x86_64-debian-gcc | 0.1.2 | 1.55 | 18.22 | 19.77 | NOTE | |
r-devel-linux-x86_64-fedora-clang | 0.1.2 | 31.97 | NOTE | |||
r-devel-linux-x86_64-fedora-gcc | 0.1.2 | 30.66 | NOTE | |||
r-devel-windows-x86_64 | 0.1.2 | 3.00 | 41.00 | 44.00 | NOTE | |
r-patched-linux-x86_64 | 0.1.2 | 2.30 | 22.32 | 24.62 | NOTE | |
r-release-linux-x86_64 | 0.1.2 | 2.10 | 22.64 | 24.74 | NOTE | |
r-release-macos-arm64 | 0.1.2 | 15.00 | NOTE | |||
r-release-windows-x86_64 | 0.1.2 | 3.00 | 41.00 | 44.00 | NOTE | |
r-oldrel-macos-arm64 | 0.1.2 | 17.00 | NOTE | |||
r-oldrel-macos-x86_64 | 0.1.2 | 21.00 | NOTE | |||
r-oldrel-windows-x86_64 | 0.1.2 | 3.00 | 42.00 | 45.00 | NOTE |
Version: 0.1.2
Check: LazyData
Result: NOTE
'LazyData' is specified without a 'data' directory
Flavors: r-devel-linux-x86_64-debian-clang, r-devel-linux-x86_64-debian-gcc, r-devel-linux-x86_64-fedora-clang, r-devel-linux-x86_64-fedora-gcc, r-devel-windows-x86_64, r-patched-linux-x86_64, r-release-linux-x86_64, r-release-macos-arm64, r-release-windows-x86_64, r-oldrel-macos-arm64, r-oldrel-macos-x86_64, r-oldrel-windows-x86_64