Last updated on 2025-05-01 01:49:51 CEST.
Flavor | Version | Tinstall | Tcheck | Ttotal | Status | Flags |
---|---|---|---|---|---|---|
r-devel-linux-x86_64-debian-clang | 0.2.1 | 34.77 | 171.85 | 206.62 | NOTE | |
r-devel-linux-x86_64-debian-gcc | 0.2.1 | 24.80 | 108.42 | 133.22 | NOTE | |
r-devel-linux-x86_64-fedora-clang | 0.2.1 | 316.53 | OK | |||
r-devel-linux-x86_64-fedora-gcc | 0.2.1 | 302.65 | OK | |||
r-devel-windows-x86_64 | 0.2.1 | 38.00 | 184.00 | 222.00 | NOTE | |
r-patched-linux-x86_64 | 0.2.1 | 34.65 | 154.08 | 188.73 | NOTE | |
r-release-linux-x86_64 | 0.2.1 | 33.61 | 154.19 | 187.80 | NOTE | |
r-release-macos-arm64 | 0.2.1 | 99.00 | OK | |||
r-release-macos-x86_64 | 0.2.1 | 184.00 | OK | |||
r-release-windows-x86_64 | 0.2.1 | 41.00 | 190.00 | 231.00 | NOTE | |
r-oldrel-macos-arm64 | 0.2.1 | 88.00 | OK | |||
r-oldrel-macos-x86_64 | 0.2.1 | 217.00 | OK | |||
r-oldrel-windows-x86_64 | 0.2.1 | 44.00 | 234.00 | 278.00 | OK |
Version: 0.2.1
Check: Rd cross-references
Result: NOTE
Found the following Rd file(s) with Rd \link{} targets missing package
anchors:
ycevo.Rd: dplyr_tidy_select
Please provide package anchors for all Rd \link{} targets not in the
package itself and the base packages.
Flavors: r-devel-linux-x86_64-debian-clang, r-devel-linux-x86_64-debian-gcc, r-devel-windows-x86_64, r-patched-linux-x86_64, r-release-linux-x86_64, r-release-windows-x86_64
Version: 0.2.1
Check: examples
Result: NOTE
Examples with CPU (user + system) or elapsed time > 5s
user system elapsed
vis_kernel 5.197 0.151 7.163
ycevo_data 4.516 0.052 5.403
Flavor: r-devel-linux-x86_64-debian-clang