CRAN Package Check Results for Package yhatr

Last updated on 2025-11-20 03:50:29 CET.

Flavor Version Tinstall Tcheck Ttotal Status Flags
r-devel-linux-x86_64-debian-clang 0.15.1 2.22 22.53 24.75 NOTE
r-devel-linux-x86_64-debian-gcc 0.15.1 1.69 18.32 20.01 NOTE
r-devel-linux-x86_64-fedora-clang 0.15.1 35.38 OK
r-devel-linux-x86_64-fedora-gcc 0.15.1 34.06 OK
r-devel-windows-x86_64 0.15.1 7.00 42.00 49.00 OK
r-patched-linux-x86_64 0.15.1 1.92 21.25 23.17 NOTE
r-release-linux-x86_64 0.15.1 2.02 20.94 22.96 NOTE
r-release-macos-arm64 0.15.1 OK
r-release-macos-x86_64 0.15.1 2.00 25.00 27.00 OK
r-release-windows-x86_64 0.15.1 4.00 41.00 45.00 OK
r-oldrel-macos-arm64 0.15.1 OK
r-oldrel-macos-x86_64 0.15.1 2.00 19.00 21.00 OK
r-oldrel-windows-x86_64 0.15.1 5.00 47.00 52.00 OK

Check Details

Version: 0.15.1
Check: CRAN incoming feasibility
Result: NOTE Maintainer: ‘Greg Lamp <greg@yhathq.com>’ No Authors@R field in DESCRIPTION. Please add one, modifying Authors@R: c(person(given = "Greg", family = "Lamp", role = c("aut", "cre"), email = "greg@yhathq.com"), person(given = "Stevie", family = "Smith", role = "aut", email = "dev@yhathq.com"), person(given = "Ross", family = "Kippenbrock", role = "aut", email = "ross@yhathq.com")) as necessary. Flavors: r-devel-linux-x86_64-debian-clang, r-devel-linux-x86_64-debian-gcc

Version: 0.15.1
Check: for unstated dependencies in ‘demo’
Result: NOTE 'library' or 'require' calls not declared from: ‘plyr’ ‘randomForest’ Flavors: r-devel-linux-x86_64-debian-clang, r-devel-linux-x86_64-debian-gcc, r-patched-linux-x86_64, r-release-linux-x86_64