Last updated on 2025-02-18 01:50:59 CET.
Flavor | Version | Tinstall | Tcheck | Ttotal | Status | Flags |
---|---|---|---|---|---|---|
r-devel-linux-x86_64-debian-clang | 1.1.0 | 29.84 | 68.55 | 98.39 | OK | |
r-devel-linux-x86_64-debian-gcc | 1.1.0 | 21.02 | 49.00 | 70.02 | OK | |
r-devel-linux-x86_64-fedora-clang | 1.1.0 | 167.25 | NOTE | |||
r-devel-linux-x86_64-fedora-gcc | 1.1.0 | 156.99 | NOTE | |||
r-devel-macos-arm64 | 1.1.0 | 60.00 | OK | |||
r-devel-macos-x86_64 | 1.1.0 | 158.00 | OK | |||
r-devel-windows-x86_64 | 1.1.0 | 33.00 | 79.00 | 112.00 | OK | |
r-patched-linux-x86_64 | 1.1.0 | 32.72 | 64.11 | 96.83 | OK | |
r-release-linux-x86_64 | 1.1.0 | 32.60 | 66.01 | 98.61 | OK | |
r-release-macos-arm64 | 1.1.0 | 60.00 | OK | |||
r-release-macos-x86_64 | 1.1.0 | 86.00 | OK | |||
r-release-windows-x86_64 | 1.1.0 | 36.00 | 83.00 | 119.00 | OK | |
r-oldrel-macos-arm64 | 1.1.0 | 62.00 | OK | |||
r-oldrel-macos-x86_64 | 1.1.0 | 97.00 | OK | |||
r-oldrel-windows-x86_64 | 1.1.0 | 45.00 | 87.00 | 132.00 | OK |
Version: 1.1.0
Check: dependencies in R code
Result: NOTE
Namespace in Imports field not imported from: ‘spelling’
All declared Imports should be used.
Flavors: r-devel-linux-x86_64-fedora-clang, r-devel-linux-x86_64-fedora-gcc