Last updated on 2025-10-25 01:50:52 CEST.
| Flavor | Version | Tinstall | Tcheck | Ttotal | Status | Flags |
|---|---|---|---|---|---|---|
| r-devel-linux-x86_64-debian-clang | 0.3.0 | 9.31 | 80.35 | 89.66 | NOTE | |
| r-devel-linux-x86_64-debian-gcc | 0.3.0 | 6.31 | 55.05 | 61.36 | NOTE | |
| r-devel-linux-x86_64-fedora-clang | 0.3.0 | 20.00 | 115.63 | 135.63 | NOTE | |
| r-devel-linux-x86_64-fedora-gcc | 0.3.0 | 21.00 | 108.57 | 129.57 | NOTE | |
| r-devel-windows-x86_64 | 0.3.0 | 11.00 | 88.00 | 99.00 | NOTE | |
| r-patched-linux-x86_64 | 0.3.0 | 9.56 | 75.07 | 84.63 | NOTE | |
| r-release-linux-x86_64 | 0.3.0 | 8.32 | 73.54 | 81.86 | NOTE | |
| r-release-macos-arm64 | 0.3.0 | 4.00 | 32.00 | 36.00 | NOTE | |
| r-release-macos-x86_64 | 0.3.0 | 6.00 | 54.00 | 60.00 | NOTE | |
| r-release-windows-x86_64 | 0.3.0 | 10.00 | 89.00 | 99.00 | NOTE | |
| r-oldrel-macos-arm64 | 0.3.0 | 4.00 | 31.00 | 35.00 | NOTE | |
| r-oldrel-macos-x86_64 | 0.3.0 | 5.00 | 45.00 | 50.00 | NOTE | |
| r-oldrel-windows-x86_64 | 0.3.0 | 14.00 | 114.00 | 128.00 | NOTE |
Version: 0.3.0
Check: package subdirectories
Result: NOTE
Problems with news in ‘NEWS.md’:
No news entries found.
Flavors: r-devel-linux-x86_64-debian-clang, r-devel-linux-x86_64-debian-gcc, r-devel-linux-x86_64-fedora-clang, r-devel-linux-x86_64-fedora-gcc, r-devel-windows-x86_64, r-patched-linux-x86_64, r-release-linux-x86_64, r-release-macos-arm64, r-release-macos-x86_64, r-release-windows-x86_64, r-oldrel-macos-arm64, r-oldrel-macos-x86_64, r-oldrel-windows-x86_64