Last updated on 2025-10-22 01:51:19 CEST.
Flavor | Version | Tinstall | Tcheck | Ttotal | Status | Flags |
---|---|---|---|---|---|---|
r-devel-linux-x86_64-debian-clang | 3.7.1 | 5.90 | 47.33 | 53.23 | OK | |
r-devel-linux-x86_64-debian-gcc | 3.7.1 | 4.28 | 34.83 | 39.11 | OK | |
r-devel-linux-x86_64-fedora-clang | 3.7.1 | 12.00 | 67.56 | 79.56 | NOTE | |
r-devel-linux-x86_64-fedora-gcc | 3.7.1 | 12.00 | 78.62 | 90.62 | NOTE | |
r-devel-windows-x86_64 | 3.7.1 | 8.00 | 71.00 | 79.00 | OK | |
r-patched-linux-x86_64 | 3.7.1 | 6.25 | 43.56 | 49.81 | OK | |
r-release-linux-x86_64 | 3.7.1 | 5.49 | 43.55 | 49.04 | OK | |
r-release-macos-arm64 | 3.7.1 | 2.00 | 32.00 | 34.00 | OK | |
r-release-macos-x86_64 | 3.7.1 | 5.00 | 56.00 | 61.00 | OK | |
r-release-windows-x86_64 | 3.7.1 | 10.00 | 73.00 | 83.00 | OK | |
r-oldrel-macos-arm64 | 3.7.1 | 3.00 | 36.00 | 39.00 | OK | |
r-oldrel-macos-x86_64 | 3.7.1 | 5.00 | 63.00 | 68.00 | OK | |
r-oldrel-windows-x86_64 | 3.7.1 | 10.00 | 78.00 | 88.00 | OK |
Version: 3.7.1
Check: dependencies in R code
Result: NOTE
Namespace in Imports field not imported from: ‘R6’
All declared Imports should be used.
Flavors: r-devel-linux-x86_64-fedora-clang, r-devel-linux-x86_64-fedora-gcc