Last updated on 2025-10-25 01:50:53 CEST.
| Flavor | Version | Tinstall | Tcheck | Ttotal | Status | Flags |
|---|---|---|---|---|---|---|
| r-devel-linux-x86_64-debian-clang | 1.0.1 | 17.83 | 155.95 | 173.78 | NOTE | |
| r-devel-linux-x86_64-debian-gcc | 1.0.1 | 10.13 | 111.44 | 121.57 | NOTE | |
| r-devel-linux-x86_64-fedora-clang | 1.0.1 | 33.00 | 237.53 | 270.53 | NOTE | |
| r-devel-linux-x86_64-fedora-gcc | 1.0.1 | 62.00 | 224.14 | 286.14 | NOTE | |
| r-devel-windows-x86_64 | 1.0.1 | 17.00 | 166.00 | 183.00 | NOTE | |
| r-patched-linux-x86_64 | 1.0.1 | 17.60 | 152.81 | 170.41 | NOTE | |
| r-release-linux-x86_64 | 1.0.1 | 14.77 | 153.72 | 168.49 | NOTE | |
| r-release-macos-arm64 | 1.0.1 | 8.00 | 70.00 | 78.00 | NOTE | |
| r-release-macos-x86_64 | 1.0.1 | 15.00 | 152.00 | 167.00 | NOTE | |
| r-release-windows-x86_64 | 1.0.1 | 18.00 | 168.00 | 186.00 | NOTE | |
| r-oldrel-macos-arm64 | 1.0.1 | 7.00 | 67.00 | 74.00 | NOTE | |
| r-oldrel-macos-x86_64 | 1.0.1 | 11.00 | 112.00 | 123.00 | NOTE | |
| r-oldrel-windows-x86_64 | 1.0.1 | 25.00 | 207.00 | 232.00 | NOTE |
Version: 1.0.1
Check: Rd files
Result: NOTE
checkRd: (-1) bma.bx.cy.Rd:69: Lost braces
69 | the initial values for parameters in models. For example, inits<-function(){list(alpha=0,beta=0,c=0,var1=0.5,r=1,lamda=0.01)}.
| ^
Flavors: r-devel-linux-x86_64-debian-clang, r-devel-linux-x86_64-debian-gcc, r-devel-linux-x86_64-fedora-clang, r-devel-linux-x86_64-fedora-gcc, r-devel-windows-x86_64, r-patched-linux-x86_64, r-release-linux-x86_64, r-release-macos-arm64, r-release-macos-x86_64, r-release-windows-x86_64, r-oldrel-macos-arm64, r-oldrel-macos-x86_64, r-oldrel-windows-x86_64